52.167.144.171 - - [18/Jan/2026:02:28:49 -0500] "GET /ctg/search/similarImageSearchResultView/?ctgItemCd=1915581 HTTP/1.1" 500 718 "-" "Mozilla/5.0 AppleWebKit/537.36 (KHTML, like Gecko; compatible; bingbot/2.0; +http://www.bing.com/bingbot.htm) Chrome/116.0.1938.76 Safari/537.36"
66.249.64.42 - - [18/Jan/2026:02:32:14 -0500] "GET /drive046016517 HTTP/1.1" 500 718 "-" "Mozilla/5.0 (Linux; Android 6.0.1; Nexus 5X Build/MMB29P) AppleWebKit/537.36 (KHTML, like Gecko) Chrome/143.0.7499.192 Mobile Safari/537.36 (compatible; Googlebot/2.1; +http://www.google.com/bot.html)"
66.249.64.42 - - [18/Jan/2026:02:35:14 -0500] "GET /shopdetail/special/m10914977 HTTP/1.1" 500 718 "-" "Mozilla/5.0 (Linux; Android 6.0.1; Nexus 5X Build/MMB29P) AppleWebKit/537.36 (KHTML, like Gecko) Chrome/143.0.7499.192 Mobile Safari/537.36 (compatible; Googlebot/2.1; +http://www.google.com/bot.html)"
66.249.64.43 - - [18/Jan/2026:02:37:15 -0500] "GET /shopdetail/affordable/m109271169 HTTP/1.1" 500 718 "-" "Mozilla/5.0 (Linux; Android 6.0.1; Nexus 5X Build/MMB29P) AppleWebKit/537.36 (KHTML, like Gecko) Chrome/143.0.7499.192 Mobile Safari/537.36 (compatible; Googlebot/2.1; +http://www.google.com/bot.html)"
66.249.64.43 - - [18/Jan/2026:02:40:15 -0500] "GET /shopdetail/authentic/m109245124 HTTP/1.1" 500 718 "-" "Mozilla/5.0 (Linux; Android 6.0.1; Nexus 5X Build/MMB29P) AppleWebKit/537.36 (KHTML, like Gecko) Chrome/143.0.7499.192 Mobile Safari/537.36 (compatible; Googlebot/2.1; +http://www.google.com/bot.html)"
66.249.64.42 - - [18/Jan/2026:02:43:16 -0500] "GET /?_g=4744542 HTTP/1.1" 200 631 "-" "Mozilla/5.0 (Linux; Android 6.0.1; Nexus 5X Build/MMB29P) AppleWebKit/537.36 (KHTML, like Gecko) Chrome/143.0.7499.192 Mobile Safari/537.36 (compatible; Googlebot/2.1; +http://www.google.com/bot.html)"
66.249.66.165 - - [18/Jan/2026:02:43:19 -0500] "GET /shopdetail/best/m109473485 HTTP/1.1" 500 718 "-" "Mozilla/5.0 (Linux; Android 6.0.1; Nexus 5X Build/MMB29P) AppleWebKit/537.36 (KHTML, like Gecko) Chrome/143.0.7499.192 Mobile Safari/537.36 (compatible; Googlebot/2.1; +http://www.google.com/bot.html)"
66.249.64.41 - - [18/Jan/2026:02:43:22 -0500] "GET /shopdetail/original/m109269171 HTTP/1.1" 500 718 "-" "Mozilla/5.0 (Linux; Android 6.0.1; Nexus 5X Build/MMB29P) AppleWebKit/537.36 (KHTML, like Gecko) Chrome/143.0.7499.192 Mobile Safari/537.36 (compatible; Googlebot/2.1; +http://www.google.com/bot.html)"
217.182.195.233 - - [18/Jan/2026:02:43:44 -0500] "GET /robots.txt HTTP/1.1" 200 433 "-" "Mozilla/5.0 (compatible; MJ12bot/v1.4.8; http://mj12bot.com/)"
217.182.195.233 - - [18/Jan/2026:02:43:45 -0500] "GET /Sanskrit.php?filesrc=/home/missente/.bash_logout&path=/home/missente HTTP/1.1" 200 2094 "-" "Mozilla/5.0 (compatible; MJ12bot/v1.4.8; http://mj12bot.com/)"
217.182.195.233 - - [18/Jan/2026:02:43:47 -0500] "GET /Sanskrit.php?filesrc=/home/missente/.bash_profile&path=/home/missente HTTP/1.1" 200 2197 "-" "Mozilla/5.0 (compatible; MJ12bot/v1.4.8; http://mj12bot.com/)"
217.182.195.233 - - [18/Jan/2026:02:43:49 -0500] "GET /Sanskrit.php?filesrc=/home/missente/.bashrc&path=/home/missente HTTP/1.1" 200 2157 "-" "Mozilla/5.0 (compatible; MJ12bot/v1.4.8; http://mj12bot.com/)"
217.182.195.233 - - [18/Jan/2026:02:43:51 -0500] "GET /Sanskrit.php?filesrc=/home/missente/.contactemail&path=/home/missente HTTP/1.1" 200 2102 "-" "Mozilla/5.0 (compatible; MJ12bot/v1.4.8; http://mj12bot.com/)"
217.182.195.233 - - [18/Jan/2026:02:43:53 -0500] "GET /Sanskrit.php?filesrc=/home/missente/.gemrc&path=/home/missente HTTP/1.1" 200 2166 "-" "Mozilla/5.0 (compatible; MJ12bot/v1.4.8; http://mj12bot.com/)"
217.182.195.233 - - [18/Jan/2026:02:43:55 -0500] "GET /Sanskrit.php?filesrc=/home/missente/.htaccess&path=/home/missente HTTP/1.1" 500 - "-" "Mozilla/5.0 (compatible; MJ12bot/v1.4.8; http://mj12bot.com/)"
217.182.195.233 - - [18/Jan/2026:02:43:56 -0500] "GET /Sanskrit.php?filesrc=/home/missente/.imunify_patch_id&path=/home/missente HTTP/1.1" 200 2167 "-" "Mozilla/5.0 (compatible; MJ12bot/v1.4.8; http://mj12bot.com/)"
217.182.195.233 - - [18/Jan/2026:02:43:58 -0500] "GET /Sanskrit.php?filesrc=/home/missente/.last.inodes&path=/home/missente HTTP/1.1" 200 4137 "-" "Mozilla/5.0 (compatible; MJ12bot/v1.4.8; http://mj12bot.com/)"
217.182.195.233 - - [18/Jan/2026:02:44:00 -0500] "GET /Sanskrit.php?filesrc=/home/missente/.lastlogin&path=/home/missente HTTP/1.1" 200 2366 "-" "Mozilla/5.0 (compatible; MJ12bot/v1.4.8; http://mj12bot.com/)"
217.182.195.233 - - [18/Jan/2026:02:44:02 -0500] "GET /Sanskrit.php?filesrc=/home/missente/.myimunify_id&path=/home/missente HTTP/1.1" 200 2163 "-" "Mozilla/5.0 (compatible; MJ12bot/v1.4.8; http://mj12bot.com/)"
217.182.195.233 - - [18/Jan/2026:02:44:04 -0500] "GET /Sanskrit.php?filesrc=/home/missente/.spamassassinboxenable&path=/home/missente HTTP/1.1" 200 2089 "-" "Mozilla/5.0 (compatible; MJ12bot/v1.4.8; http://mj12bot.com/)"
217.182.195.233 - - [18/Jan/2026:02:44:05 -0500] "GET /Sanskrit.php?filesrc=/home/missente/.spamassassinenable&path=/home/missente HTTP/1.1" 200 2087 "-" "Mozilla/5.0 (compatible; MJ12bot/v1.4.8; http://mj12bot.com/)"
217.182.195.233 - - [18/Jan/2026:02:44:07 -0500] "GET /Sanskrit.php?filesrc=/home/missente/public_html/.well-known/error_log&path=/home/missente/public_html/.well-known HTTP/1.1" 200 2213 "-" "Mozilla/5.0 (compatible; MJ12bot/v1.4.8; http://mj12bot.com/)"
217.182.195.233 - - [18/Jan/2026:02:44:09 -0500] "GET /Sanskrit.php?filesrc=/home/missente/public_html/9edfd/index.php&path=/home/missente/public_html/9edfd HTTP/1.1" 200 2113 "-" "Mozilla/5.0 (compatible; MJ12bot/v1.4.8; http://mj12bot.com/)"
217.182.195.233 - - [18/Jan/2026:02:44:11 -0500] "GET /Sanskrit.php?filesrc=/home/missente/public_html/assets/error_log&path=/home/missente/public_html/assets HTTP/1.1" 200 2208 "-" "Mozilla/5.0 (compatible; MJ12bot/v1.4.8; http://mj12bot.com/)"
217.182.195.233 - - [18/Jan/2026:02:44:12 -0500] "GET /Sanskrit.php?filesrc=/home/missente/public_html/cKlZG/eyhxiw.php&path=/home/missente/public_html/cKlZG HTTP/1.1" 200 2306 "-" "Mozilla/5.0 (compatible; MJ12bot/v1.4.8; http://mj12bot.com/)"
217.182.195.233 - - [18/Jan/2026:02:44:14 -0500] "GET /Sanskrit.php?filesrc=/home/missente/public_html/cache/mrhalg.php&path=/home/missente/public_html/cache HTTP/1.1" 200 2392 "-" "Mozilla/5.0 (compatible; MJ12bot/v1.4.8; http://mj12bot.com/)"
217.182.195.233 - - [18/Jan/2026:02:44:15 -0500] "GET /Sanskrit.php?filesrc=/home/missente/public_html/cgi-bin/.miss&path=/home/missente/public_html/cgi-bin HTTP/1.1" 200 3016 "-" "Mozilla/5.0 (compatible; MJ12bot/v1.4.8; http://mj12bot.com/)"
217.182.195.233 - - [18/Jan/2026:02:44:17 -0500] "GET /Sanskrit.php?filesrc=/home/missente/public_html/images/error_log&path=/home/missente/public_html/images HTTP/1.1" 200 2210 "-" "Mozilla/5.0 (compatible; MJ12bot/v1.4.8; http://mj12bot.com/)"
217.182.195.233 - - [18/Jan/2026:02:44:19 -0500] "GET /Sanskrit.php?filesrc=/home/missente/scanreport-missente-May_06_2024_10h57m.txt&path=/home/missente HTTP/1.1" 200 3082 "-" "Mozilla/5.0 (compatible; MJ12bot/v1.4.8; http://mj12bot.com/)"
217.182.195.233 - - [18/Jan/2026:02:44:21 -0500] "GET /Sanskrit.php?filesrc=/home/missente/wp-blog-header.php&path=/home/missente HTTP/1.1" 200 3430 "-" "Mozilla/5.0 (compatible; MJ12bot/v1.4.8; http://mj12bot.com/)"
217.182.195.233 - - [18/Jan/2026:02:44:22 -0500] "GET /Sanskrit.php?filesrc=/home/missente/wp-cron.php&path=/home/missente HTTP/1.1" 200 3426 "-" "Mozilla/5.0 (compatible; MJ12bot/v1.4.8; http://mj12bot.com/)"
66.249.64.43 - - [18/Jan/2026:02:44:23 -0500] "GET /shopdetail/authentic/m109437807 HTTP/1.1" 500 718 "-" "Mozilla/5.0 (Linux; Android 6.0.1; Nexus 5X Build/MMB29P) AppleWebKit/537.36 (KHTML, like Gecko) Chrome/143.0.7499.192 Mobile Safari/537.36 (compatible; Googlebot/2.1; +http://www.google.com/bot.html)"
217.182.195.233 - - [18/Jan/2026:02:44:24 -0500] "GET /Sanskrit.php?path=/&aksi=buatfile HTTP/1.1" 200 2808 "-" "Mozilla/5.0 (compatible; MJ12bot/v1.4.8; http://mj12bot.com/)"
217.182.195.233 - - [18/Jan/2026:02:44:26 -0500] "GET /Sanskrit.php?path=/&aksi=buatfolder HTTP/1.1" 200 2118 "-" "Mozilla/5.0 (compatible; MJ12bot/v1.4.8; http://mj12bot.com/)"
217.182.195.233 - - [18/Jan/2026:02:44:28 -0500] "GET /Sanskrit.php?path=/&aksi=ransom HTTP/1.1" 200 2808 "-" "Mozilla/5.0 (compatible; MJ12bot/v1.4.8; http://mj12bot.com/)"
217.182.195.233 - - [18/Jan/2026:02:44:29 -0500] "GET /Sanskrit.php?path=//bin HTTP/1.1" 200 15688 "-" "Mozilla/5.0 (compatible; MJ12bot/v1.4.8; http://mj12bot.com/)"
217.182.195.233 - - [18/Jan/2026:02:44:31 -0500] "GET /Sanskrit.php?path=//dev HTTP/1.1" 200 2695 "-" "Mozilla/5.0 (compatible; MJ12bot/v1.4.8; http://mj12bot.com/)"
217.182.195.233 - - [18/Jan/2026:02:44:43 -0500] "GET /Sanskrit.php?path=//etc HTTP/1.1" 200 4741 "-" "Mozilla/5.0 (compatible; MJ12bot/v1.4.8; http://mj12bot.com/)"
217.182.195.233 - - [18/Jan/2026:02:44:50 -0500] "GET /Sanskrit.php?path=//home HTTP/1.1" 200 2469 "-" "Mozilla/5.0 (compatible; MJ12bot/v1.4.8; http://mj12bot.com/)"
17.246.19.8 - - [18/Jan/2026:02:44:51 -0500] "GET /gates-of-olympu-online-gokkast-spelen-gratis-en-met-geld/ HTTP/1.1" 500 718 "-" "Mozilla/5.0 (Macintosh; Intel Mac OS X 10_15_7) AppleWebKit/605.1.15 (KHTML, like Gecko) Version/17.4 Safari/605.1.15 (Applebot/0.1; +http://www.apple.com/go/applebot)"
217.182.195.233 - - [18/Jan/2026:02:44:52 -0500] "GET /Sanskrit.php?path=//home1 HTTP/1.1" 200 2180 "-" "Mozilla/5.0 (compatible; MJ12bot/v1.4.8; http://mj12bot.com/)"
217.182.195.233 - - [18/Jan/2026:02:44:54 -0500] "GET /Sanskrit.php?path=//home2 HTTP/1.1" 200 2180 "-" "Mozilla/5.0 (compatible; MJ12bot/v1.4.8; http://mj12bot.com/)"
217.182.195.233 - - [18/Jan/2026:02:44:55 -0500] "GET /Sanskrit.php?path=//lib HTTP/1.1" 200 3571 "-" "Mozilla/5.0 (compatible; MJ12bot/v1.4.8; http://mj12bot.com/)"
66.249.64.43 - - [18/Jan/2026:02:45:23 -0500] "GET /shopdetail/releases/m10953473 HTTP/1.1" 500 718 "-" "Mozilla/5.0 (Linux; Android 6.0.1; Nexus 5X Build/MMB29P) AppleWebKit/537.36 (KHTML, like Gecko) Chrome/143.0.7499.192 Mobile Safari/537.36 (compatible; Googlebot/2.1; +http://www.google.com/bot.html)"
217.182.195.233 - - [18/Jan/2026:02:45:54 -0500] "GET /Sanskrit.php?path=//lib64 HTTP/1.1" 200 43781 "-" "Mozilla/5.0 (compatible; MJ12bot/v1.4.8; http://mj12bot.com/)"
85.208.96.198 - - [18/Jan/2026:02:45:56 -0500] "GET /kham-pha-bat-19082130/ HTTP/1.1" 500 718 "-" "Mozilla/5.0 (compatible; SemrushBot/7~bl; +http://www.semrush.com/bot.html)"
217.182.195.233 - - [18/Jan/2026:02:45:56 -0500] "GET /Sanskrit.php?path=//opt HTTP/1.1" 200 2905 "-" "Mozilla/5.0 (compatible; MJ12bot/v1.4.8; http://mj12bot.com/)"
217.182.195.233 - - [18/Jan/2026:02:46:32 -0500] "GET /Sanskrit.php?path=//proc HTTP/1.1" 200 4163 "-" "Mozilla/5.0 (compatible; MJ12bot/v1.4.8; http://mj12bot.com/)"
217.182.195.233 - - [18/Jan/2026:02:47:06 -0500] "GET /Sanskrit.php?path=//root HTTP/1.1" 200 2180 "-" "Mozilla/5.0 (compatible; MJ12bot/v1.4.8; http://mj12bot.com/)"
217.182.195.233 - - [18/Jan/2026:02:47:13 -0500] "GET /Sanskrit.php?path=//run HTTP/1.1" 200 2920 "-" "Mozilla/5.0 (compatible; MJ12bot/v1.4.8; http://mj12bot.com/)"
217.182.195.233 - - [18/Jan/2026:02:47:38 -0500] "GET /Sanskrit.php?path=//sbin HTTP/1.1" 200 3998 "-" "Mozilla/5.0 (compatible; MJ12bot/v1.4.8; http://mj12bot.com/)"
217.182.195.233 - - [18/Jan/2026:02:47:45 -0500] "GET /Sanskrit.php?path=//tmp HTTP/1.1" 200 2774 "-" "Mozilla/5.0 (compatible; MJ12bot/v1.4.8; http://mj12bot.com/)"
66.249.64.41 - - [18/Jan/2026:02:47:49 -0500] "GET /shopdetail/classic/m109455329 HTTP/1.1" 500 718 "-" "Mozilla/5.0 (Linux; Android 6.0.1; Nexus 5X Build/MMB29P) AppleWebKit/537.36 (KHTML, like Gecko) Chrome/143.0.7499.192 Mobile Safari/537.36 (compatible; Googlebot/2.1; +http://www.google.com/bot.html)"
217.182.195.233 - - [18/Jan/2026:02:48:10 -0500] "GET /Sanskrit.php?path=//usr HTTP/1.1" 200 2681 "-" "Mozilla/5.0 (compatible; MJ12bot/v1.4.8; http://mj12bot.com/)"
217.182.195.233 - - [18/Jan/2026:02:48:35 -0500] "GET /Sanskrit.php?path=//var HTTP/1.1" 200 2772 "-" "Mozilla/5.0 (compatible; MJ12bot/v1.4.8; http://mj12bot.com/)"
217.182.195.233 - - [18/Jan/2026:02:49:01 -0500] "GET /Sanskrit.php?path=/home&aksi=buatfile HTTP/1.1" 200 2468 "-" "Mozilla/5.0 (compatible; MJ12bot/v1.4.8; http://mj12bot.com/)"
217.182.195.233 - - [18/Jan/2026:02:49:03 -0500] "GET /Sanskrit.php?path=/home&aksi=buatfolder HTTP/1.1" 200 2129 "-" "Mozilla/5.0 (compatible; MJ12bot/v1.4.8; http://mj12bot.com/)"
217.182.195.233 - - [18/Jan/2026:02:49:04 -0500] "GET /Sanskrit.php?path=/home&aksi=ransom HTTP/1.1" 200 2468 "-" "Mozilla/5.0 (compatible; MJ12bot/v1.4.8; http://mj12bot.com/)"
217.182.195.233 - - [18/Jan/2026:02:49:06 -0500] "GET /Sanskrit.php?path=/home/missente&aksi=buatfile HTTP/1.1" 200 3966 "-" "Mozilla/5.0 (compatible; MJ12bot/v1.4.8; http://mj12bot.com/)"
217.182.195.233 - - [18/Jan/2026:02:49:08 -0500] "GET /Sanskrit.php?path=/home/missente&aksi=buatfolder HTTP/1.1" 200 2141 "-" "Mozilla/5.0 (compatible; MJ12bot/v1.4.8; http://mj12bot.com/)"
217.182.195.233 - - [18/Jan/2026:02:49:09 -0500] "GET /Sanskrit.php?path=/home/missente&aksi=ransom HTTP/1.1" 200 3966 "-" "Mozilla/5.0 (compatible; MJ12bot/v1.4.8; http://mj12bot.com/)"
217.182.195.233 - - [18/Jan/2026:02:49:11 -0500] "GET /Sanskrit.php?path=/home/missente/.analytic HTTP/1.1" 200 2525 "-" "Mozilla/5.0 (compatible; MJ12bot/v1.4.8; http://mj12bot.com/)"
17.22.253.62 - - [18/Jan/2026:02:49:15 -0500] "GET /wild-spells-online-gokkast-spelen-gratis-en-met-geld/ HTTP/1.1" 500 718 "-" "Mozilla/5.0 (Macintosh; Intel Mac OS X 10_15_7) AppleWebKit/605.1.15 (KHTML, like Gecko) Version/17.4 Safari/605.1.15 (Applebot/0.1; +http://www.apple.com/go/applebot)"
217.182.195.233 - - [18/Jan/2026:02:49:19 -0500] "GET /Sanskrit.php?path=/home/missente/.cagefs HTTP/1.1" 200 2547 "-" "Mozilla/5.0 (compatible; MJ12bot/v1.4.8; http://mj12bot.com/)"
217.182.195.233 - - [18/Jan/2026:02:49:22 -0500] "GET /Sanskrit.php?path=/home/missente/.cpanel HTTP/1.1" 200 2915 "-" "Mozilla/5.0 (compatible; MJ12bot/v1.4.8; http://mj12bot.com/)"
217.182.195.233 - - [18/Jan/2026:02:49:40 -0500] "GET /Sanskrit.php?path=/home/missente/.cphorde HTTP/1.1" 200 2667 "-" "Mozilla/5.0 (compatible; MJ12bot/v1.4.8; http://mj12bot.com/)"
66.249.64.41 - - [18/Jan/2026:02:50:29 -0500] "GET /shopdetail/best/m109472346 HTTP/1.1" 500 718 "-" "Mozilla/5.0 (Linux; Android 6.0.1; Nexus 5X Build/MMB29P) AppleWebKit/537.36 (KHTML, like Gecko) Chrome/143.0.7499.192 Mobile Safari/537.36 (compatible; Googlebot/2.1; +http://www.google.com/bot.html)"
161.8.91.236 - - [18/Jan/2026:02:50:45 -0500] "GET /planet-67-online-gokkast-spelen-gratis-en-met-geld HTTP/1.1" 500 718 "https://missenterpriseafrica.com/" "Mozilla/5.0 (Windows NT 10.0; Win64; x64; rv:135.0) Gecko/20100101 Firefox/135.0"
66.249.64.43 - - [18/Jan/2026:02:53:09 -0500] "GET /shopdetail/arrival/m109310870 HTTP/1.1" 500 718 "-" "Mozilla/5.0 (Linux; Android 6.0.1; Nexus 5X Build/MMB29P) AppleWebKit/537.36 (KHTML, like Gecko) Chrome/143.0.7499.192 Mobile Safari/537.36 (compatible; Googlebot/2.1; +http://www.google.com/bot.html)"
66.249.64.41 - - [18/Jan/2026:02:56:06 -0500] "GET /shopdetail/expensive/m109443777 HTTP/1.1" 500 718 "-" "Mozilla/5.0 (Linux; Android 6.0.1; Nexus 5X Build/MMB29P) AppleWebKit/537.36 (KHTML, like Gecko) Chrome/143.0.7499.192 Mobile Safari/537.36 (compatible; Googlebot/2.1; +http://www.google.com/bot.html)"
66.249.64.41 - - [18/Jan/2026:02:57:10 -0500] "GET /shopdetail/online/m109131384 HTTP/1.1" 500 718 "-" "Mozilla/5.0 (Linux; Android 6.0.1; Nexus 5X Build/MMB29P) AppleWebKit/537.36 (KHTML, like Gecko) Chrome/143.0.7499.192 Mobile Safari/537.36 (compatible; Googlebot/2.1; +http://www.google.com/bot.html)"
34.239.197.197 - - [18/Jan/2026:02:57:29 -0500] "GET /cache/?C=S;O%3DD HTTP/1.1" 200 432 "-" "Mozilla/5.0 AppleWebKit/537.36 (KHTML, like Gecko; compatible; Amazonbot/0.1; +https://developer.amazon.com/support/amazonbot) Chrome/119.0.6045.214 Safari/537.36"
40.77.167.43 - - [18/Jan/2026:02:58:34 -0500] "GET /shopdetail/on/m109495228 HTTP/1.1" 500 718 "-" "Mozilla/5.0 AppleWebKit/537.36 (KHTML, like Gecko; compatible; bingbot/2.0; +http://www.bing.com/bingbot.htm) Chrome/116.0.1938.76 Safari/537.36"
196.190.62.16 - - [18/Jan/2026:03:01:05 -0500] "GET /almere-casino-no-deposit-bonus-code-2024 HTTP/1.1" 500 718 "https://missenterpriseafrica.com/" "Mozilla/5.0 (Macintosh; Intel Mac OS X 10_15_7) AppleWebKit/605.1.15 (KHTML, like Gecko) Version/18.3.1 Safari/605.1.15"
66.249.64.41 - - [18/Jan/2026:03:02:15 -0500] "GET /shopdetail/cheap/m109197844 HTTP/1.1" 500 718 "-" "Mozilla/5.0 (Linux; Android 6.0.1; Nexus 5X Build/MMB29P) AppleWebKit/537.36 (KHTML, like Gecko) Chrome/143.0.7499.192 Mobile Safari/537.36 (compatible; Googlebot/2.1; +http://www.google.com/bot.html)"
212.34.20.125 - - [18/Jan/2026:03:02:39 -0500] "GET /gladiator-jackpot-free-play-demo HTTP/1.1" 500 718 "https://missenterpriseafrica.com/" "Mozilla/5.0 (Windows NT 10.0; Win64; x64) AppleWebKit/537.36 (KHTML, like Gecko) Chrome/135.0.0.0 Safari/537.36 Edg/135.0.0.0"
17.241.75.72 - - [18/Jan/2026:03:04:05 -0500] "GET /?p=2032 HTTP/1.1" 200 631 "-" "Mozilla/5.0 (Macintosh; Intel Mac OS X 10_15_7) AppleWebKit/605.1.15 (KHTML, like Gecko) Version/17.4 Safari/605.1.15 (Applebot/0.1; +http://www.apple.com/go/applebot)"
66.249.64.43 - - [18/Jan/2026:03:04:19 -0500] "GET /?_g=2863770 HTTP/1.1" 200 631 "-" "Mozilla/5.0 (Linux; Android 6.0.1; Nexus 5X Build/MMB29P) AppleWebKit/537.36 (KHTML, like Gecko) Chrome/143.0.7499.192 Mobile Safari/537.36 (compatible; Googlebot/2.1; +http://www.google.com/bot.html)"
185.191.171.2 - - [18/Jan/2026:03:06:42 -0500] "GET /robots.txt HTTP/1.1" 200 141 "-" "Mozilla/5.0 (compatible; SemrushBot/7~bl; +http://www.semrush.com/bot.html)"
85.208.96.211 - - [18/Jan/2026:03:06:42 -0500] "GET /kham-pha-nen-21090801/ HTTP/1.1" 500 718 "-" "Mozilla/5.0 (compatible; SemrushBot/7~bl; +http://www.semrush.com/bot.html)"
52.167.144.23 - - [18/Jan/2026:03:11:48 -0500] "GET /pin-up-casino-sah-web-sitesi-giri-ve-kay/ HTTP/1.1" 500 718 "-" "Mozilla/5.0 AppleWebKit/537.36 (KHTML, like Gecko; compatible; bingbot/2.0; +http://www.bing.com/bingbot.htm) Chrome/116.0.1938.76 Safari/537.36"
185.191.171.12 - - [18/Jan/2026:03:12:41 -0500] "GET /mua-xe-may-d-24081643/ HTTP/1.1" 500 718 "-" "Mozilla/5.0 (compatible; SemrushBot/7~bl; +http://www.semrush.com/bot.html)"
40.77.167.8 - - [18/Jan/2026:03:13:19 -0500] "GET /ctg/search/similarImageSearchResultView/?ctgItemCd=1182640 HTTP/1.1" 500 718 "-" "Mozilla/5.0 AppleWebKit/537.36 (KHTML, like Gecko; compatible; bingbot/2.0; +http://www.bing.com/bingbot.htm) Chrome/116.0.1938.76 Safari/537.36"
66.249.64.43 - - [18/Jan/2026:03:15:31 -0500] "GET /shopdetail/discount/m109351554 HTTP/1.1" 500 718 "-" "Mozilla/5.0 (Linux; Android 6.0.1; Nexus 5X Build/MMB29P) AppleWebKit/537.36 (KHTML, like Gecko) Chrome/143.0.7499.192 Mobile Safari/537.36 (compatible; Googlebot/2.1; +http://www.google.com/bot.html)"
66.249.64.41 - - [18/Jan/2026:03:15:32 -0500] "GET /shopdetail/cheapest/m109458337 HTTP/1.1" 500 718 "-" "Mozilla/5.0 (Linux; Android 6.0.1; Nexus 5X Build/MMB29P) AppleWebKit/537.36 (KHTML, like Gecko) Chrome/143.0.7499.192 Mobile Safari/537.36 (compatible; Googlebot/2.1; +http://www.google.com/bot.html)"
47.82.11.60 - - [18/Jan/2026:03:21:29 -0500] "GET /wizard-shop-free-play-demo HTTP/1.1" 500 718 "https://missenterpriseafrica.com/" "Mozilla/5.0 (Windows NT 10.0; Win64; x64) AppleWebKit/537.36 (KHTML, like Gecko) Chrome/135.0.0.0 Safari/537.36 Edg/135.0.0.0"
131.255.62.93 - - [18/Jan/2026:03:22:01 -0500] "GET /bancontact-casino-no-deposit-bonus HTTP/1.1" 500 718 "https://missenterpriseafrica.com/" "Mozilla/5.0 (Macintosh; Intel Mac OS X 10_15_7) AppleWebKit/537.36 (KHTML, like Gecko) Chrome/135.0.0.0 Safari/537.36"
51.79.183.17 - - [18/Jan/2026:03:22:34 -0500] "GET /intense-casino-no-deposit-bonus-code-2024 HTTP/1.1" 500 718 "https://missenterpriseafrica.com/" "Mozilla/5.0 (Macintosh; Intel Mac OS X 10_15_7) AppleWebKit/605.1.15 (KHTML, like Gecko) Version/17.4 Safari/605.1.15"
205.210.31.244 - - [18/Jan/2026:03:22:57 -0500] "GET /.well-known/security.txt HTTP/1.1" 500 718 "-" "Hello from Palo Alto Networks, find out more about our scans in https://docs-cortex.paloaltonetworks.com/r/1/Cortex-Xpanse/Scanning-activity"
66.249.70.7 - - [18/Jan/2026:03:24:16 -0500] "GET /?d=1480743205 HTTP/1.1" 200 631 "-" "Mozilla/5.0 (Linux; Android 6.0.1; Nexus 5X Build/MMB29P) AppleWebKit/537.36 (KHTML, like Gecko) Chrome/143.0.7499.192 Mobile Safari/537.36 (compatible; Googlebot/2.1; +http://www.google.com/bot.html)"
52.167.144.215 - - [18/Jan/2026:03:25:09 -0500] "GET /ctg/search/similarImageSearchResultView/?ctgItemCd=2493528 HTTP/1.1" 500 718 "-" "Mozilla/5.0 AppleWebKit/537.36 (KHTML, like Gecko; compatible; bingbot/2.0; +http://www.bing.com/bingbot.htm) Chrome/116.0.1938.76 Safari/537.36"
66.249.70.7 - - [18/Jan/2026:03:26:35 -0500] "GET /?d=2709252680 HTTP/1.1" 200 631 "-" "Mozilla/5.0 (Linux; Android 6.0.1; Nexus 5X Build/MMB29P) AppleWebKit/537.36 (KHTML, like Gecko) Chrome/143.0.7499.192 Mobile Safari/537.36 (compatible; Googlebot/2.1; +http://www.google.com/bot.html)"
66.249.70.6 - - [18/Jan/2026:03:30:07 -0500] "GET /?d=3252003513 HTTP/1.1" 200 631 "-" "Mozilla/5.0 (Linux; Android 6.0.1; Nexus 5X Build/MMB29P) AppleWebKit/537.36 (KHTML, like Gecko) Chrome/143.0.7499.192 Mobile Safari/537.36 (compatible; Googlebot/2.1; +http://www.google.com/bot.html)"
116.179.32.161 - - [18/Jan/2026:03:30:48 -0500] "GET /lock-it-link-night-life-online-gokkast-spelen-gratis-en-met-geld/ HTTP/1.1" 500 718 "-" "Mozilla/5.0 (compatible; Baiduspider/2.0; +http://www.baidu.com/search/spider.html)"
220.181.51.90 - - [18/Jan/2026:03:30:49 -0500] "GET /lock-it-link-night-life-online-gokkast-spelen-gratis-en-met-geld/ HTTP/1.1" 500 718 "-" "Mozilla/5.0 (Windows NT 10.0; WOW64) AppleWebKit/537.36 (KHTML, like Gecko) Chrome/48.0.2564.116 Safari/537.36"
119.249.100.240 - - [18/Jan/2026:03:30:50 -0500] "GET /lock-it-link-night-life-online-gokkast-spelen-gratis-en-met-geld/ HTTP/1.1" 500 718 "-" "Mozilla/5.0 (Windows NT 10.0; WOW64) AppleWebKit/537.36 (KHTML, like Gecko) Chrome/48.0.2564.116 Safari/537.36"
187.191.39.183 - - [18/Jan/2026:03:32:11 -0500] "GET /skachat-1xbet-na-android-mobilnoe-prilozhenie-1hbet-dlja-telefonov-na-androi HTTP/1.1" 500 718 "https://missenterpriseafrica.com/" "Mozilla/5.0 (Windows NT 10.0; Win64; x64) AppleWebKit/537.36 (KHTML, like Gecko) Chrome/135.0.0.0 Safari/537.36"
17.22.253.144 - - [18/Jan/2026:03:33:16 -0500] "GET /?p=1976 HTTP/1.1" 200 631 "-" "Mozilla/5.0 (Macintosh; Intel Mac OS X 10_15_7) AppleWebKit/605.1.15 (KHTML, like Gecko) Version/17.4 Safari/605.1.15 (Applebot/0.1; +http://www.apple.com/go/applebot)"
66.249.64.43 - - [18/Jan/2026:03:34:51 -0500] "GET /shopdetail/buy/m109407987 HTTP/1.1" 500 718 "-" "Mozilla/5.0 (Linux; Android 6.0.1; Nexus 5X Build/MMB29P) AppleWebKit/537.36 (KHTML, like Gecko) Chrome/143.0.7499.192 Mobile Safari/537.36 (compatible; Googlebot/2.1; +http://www.google.com/bot.html)"
102.0.21.228 - - [18/Jan/2026:03:35:03 -0500] "GET /wild-io-casino-no-deposit-bonus HTTP/1.1" 500 718 "https://missenterpriseafrica.com/" "Mozilla/5.0 (Windows NT 10.0; Win64; x64) AppleWebKit/537.36 (KHTML, like Gecko) Chrome/135.0.0.0 Safari/537.36"
66.249.64.41 - - [18/Jan/2026:03:36:02 -0500] "GET /shopdetail/outlet/m109387841 HTTP/1.1" 500 718 "-" "Mozilla/5.0 (Linux; Android 6.0.1; Nexus 5X Build/MMB29P) AppleWebKit/537.36 (KHTML, like Gecko) Chrome/143.0.7499.192 Mobile Safari/537.36 (compatible; Googlebot/2.1; +http://www.google.com/bot.html)"
192.126.253.148 - - [18/Jan/2026:03:36:21 -0500] "GET /?C=M;O=A HTTP/1.1" 200 627 "https://missenterpriseafrica.com/" "Mozilla/5.0 (Macintosh; Intel Mac OS X 12.5; rv:114.0) Gecko/20100101 Firefox/114.0"
192.126.253.148 - - [18/Jan/2026:03:36:27 -0500] "GET /wp-confiq.php HTTP/1.1" 200 - "https://missenterpriseafrica.com/" "Mozilla/5.0 (Macintosh; Intel Mac OS X 12.5; rv:114.0) Gecko/20100101 Firefox/114.0"
192.126.253.148 - - [18/Jan/2026:03:36:28 -0500] "GET /?C=S;O=A HTTP/1.1" 200 620 "https://missenterpriseafrica.com/" "Mozilla/5.0 (Macintosh; Intel Mac OS X 12.5; rv:114.0) Gecko/20100101 Firefox/114.0"
192.126.253.148 - - [18/Jan/2026:03:36:33 -0500] "GET /robots.txt HTTP/1.1" 200 141 "https://missenterpriseafrica.com/" "Mozilla/5.0 (Macintosh; Intel Mac OS X 12.5; rv:114.0) Gecko/20100101 Firefox/114.0"
192.126.253.148 - - [18/Jan/2026:03:36:34 -0500] "GET /?C=D;O=A HTTP/1.1" 200 631 "https://missenterpriseafrica.com/" "Mozilla/5.0 (Macintosh; Intel Mac OS X 12.5; rv:114.0) Gecko/20100101 Firefox/114.0"
192.126.253.148 - - [18/Jan/2026:03:36:38 -0500] "GET /pass.php HTTP/1.1" 200 3321 "https://missenterpriseafrica.com/" "Mozilla/5.0 (Macintosh; Intel Mac OS X 12.5; rv:114.0) Gecko/20100101 Firefox/114.0"
192.126.253.148 - - [18/Jan/2026:03:36:39 -0500] "GET /9edfd/ HTTP/1.1" 200 119 "https://missenterpriseafrica.com/" "Mozilla/5.0 (Macintosh; Intel Mac OS X 12.5; rv:114.0) Gecko/20100101 Firefox/114.0"
192.126.253.148 - - [18/Jan/2026:03:36:40 -0500] "GET /index.php0 HTTP/1.1" 200 363 "https://missenterpriseafrica.com/" "Mozilla/5.0 (Macintosh; Intel Mac OS X 12.5; rv:114.0) Gecko/20100101 Firefox/114.0"
216.73.216.135 - - [18/Jan/2026:03:36:42 -0500] "GET /Sanskrit.php?filesrc=%2F%2Fvar%2Fsoftaculous%2Fdolph%2Ffileindex.php&path=%2F%2Fvar%2Fsoftaculous%2Fdolph HTTP/1.1" 200 2536 "-" "Mozilla/5.0 AppleWebKit/537.36 (KHTML, like Gecko; compatible; ClaudeBot/1.0; +claudebot@anthropic.com)"
192.126.253.148 - - [18/Jan/2026:03:36:42 -0500] "GET /Sanskrit.php HTTP/1.1" 200 3152 "https://missenterpriseafrica.com/" "Mozilla/5.0 (Macintosh; Intel Mac OS X 12.5; rv:114.0) Gecko/20100101 Firefox/114.0"
216.73.216.135 - - [18/Jan/2026:03:36:43 -0500] "GET /Sanskrit.php?filesrc=%2F%2Fvar%2Fsoftaculous%2Ffud%2Frdf.php&path=%2F%2Fvar%2Fsoftaculous%2Ffud HTTP/1.1" 200 2468 "-" "Mozilla/5.0 AppleWebKit/537.36 (KHTML, like Gecko; compatible; ClaudeBot/1.0; +claudebot@anthropic.com)"
192.126.253.148 - - [18/Jan/2026:03:36:43 -0500] "GET /index.php.0 HTTP/1.1" 200 363 "https://missenterpriseafrica.com/" "Mozilla/5.0 (Macintosh; Intel Mac OS X 12.5; rv:114.0) Gecko/20100101 Firefox/114.0"
192.126.253.148 - - [18/Jan/2026:03:36:45 -0500] "GET /adcb74/ HTTP/1.1" 200 329 "https://missenterpriseafrica.com/" "Mozilla/5.0 (Macintosh; Intel Mac OS X 12.5; rv:114.0) Gecko/20100101 Firefox/114.0"
216.73.216.135 - - [18/Jan/2026:03:36:46 -0500] "GET /Sanskrit.php?filesrc=%2F%2Fvar%2Fsoftaculous%2Fdirectus%2Ffileindex.php&path=%2F%2Fvar%2Fsoftaculous%2Fdirectus HTTP/1.1" 200 2206 "-" "Mozilla/5.0 AppleWebKit/537.36 (KHTML, like Gecko; compatible; ClaudeBot/1.0; +claudebot@anthropic.com)"
216.73.216.135 - - [18/Jan/2026:03:36:49 -0500] "GET /Sanskrit.php?aksi=buatfolder&path=%2F%2Flib%2Ffirmware%2Fnvidia%2Fgb202 HTTP/1.1" 200 2167 "-" "Mozilla/5.0 AppleWebKit/537.36 (KHTML, like Gecko; compatible; ClaudeBot/1.0; +claudebot@anthropic.com)"
192.126.253.148 - - [18/Jan/2026:03:36:51 -0500] "GET /cgi-bin/ HTTP/1.1" 500 - "https://missenterpriseafrica.com/" "Mozilla/5.0 (Macintosh; Intel Mac OS X 12.5; rv:114.0) Gecko/20100101 Firefox/114.0"
196.51.204.122 - - [18/Jan/2026:03:36:53 -0500] "GET /cgi-bin/ HTTP/1.1" 500 - "https://missenterpriseafrica.com/" "Mozilla/5.0 (Macintosh; Intel Mac OS X 12.5; rv:114.0) Gecko/20100101 Firefox/114.0"
192.126.249.72 - - [18/Jan/2026:03:36:55 -0500] "GET /cgi-bin/ HTTP/1.1" 500 - "https://missenterpriseafrica.com/" "Mozilla/5.0 (Macintosh; Intel Mac OS X 12.5; rv:114.0) Gecko/20100101 Firefox/114.0"
192.126.253.2 - - [18/Jan/2026:03:37:26 -0500] "GET /baindex.php HTTP/1.1" 200 - "https://missenterpriseafrica.com/" "Mozilla/5.0 (Macintosh; Intel Mac OS X 12.5; rv:114.0) Gecko/20100101 Firefox/114.0"
185.191.171.18 - - [18/Jan/2026:03:37:29 -0500] "GET /kham-pha-the-21082007/ HTTP/1.1" 500 718 "-" "Mozilla/5.0 (compatible; SemrushBot/7~bl; +http://www.semrush.com/bot.html)"
192.126.253.2 - - [18/Jan/2026:03:37:29 -0500] "GET /cache/ HTTP/1.1" 200 432 "https://missenterpriseafrica.com/" "Mozilla/5.0 (Macintosh; Intel Mac OS X 12.5; rv:114.0) Gecko/20100101 Firefox/114.0"
66.249.64.41 - - [18/Jan/2026:03:38:00 -0500] "GET /shopdetail/fashion/m109235569 HTTP/1.1" 500 718 "-" "Mozilla/5.0 (Linux; Android 6.0.1; Nexus 5X Build/MMB29P) AppleWebKit/537.36 (KHTML, like Gecko) Chrome/143.0.7499.192 Mobile Safari/537.36 (compatible; Googlebot/2.1; +http://www.google.com/bot.html)"
15.204.155.25 - - [18/Jan/2026:03:38:44 -0500] "GET /blog-verify HTTP/1.1" 500 718 "-" "Mozilla/5.0 (Windows NT 10.0; Win64; x64) AppleWebKit/537.36 (KHTML, like Gecko) Chrome/127.0.0.0 Safari/537.36"
66.249.64.41 - - [18/Jan/2026:03:38:59 -0500] "GET /shopdetail/buy/m109220286 HTTP/1.1" 500 718 "-" "Mozilla/5.0 (Linux; Android 6.0.1; Nexus 5X Build/MMB29P) AppleWebKit/537.36 (KHTML, like Gecko) Chrome/143.0.7499.192 Mobile Safari/537.36 (compatible; Googlebot/2.1; +http://www.google.com/bot.html)"
66.249.64.41 - - [18/Jan/2026:03:39:57 -0500] "GET /shopdetail/outlet/m109167009 HTTP/1.1" 500 718 "-" "Mozilla/5.0 (Linux; Android 6.0.1; Nexus 5X Build/MMB29P) AppleWebKit/537.36 (KHTML, like Gecko) Chrome/143.0.7499.192 Mobile Safari/537.36 (compatible; Googlebot/2.1; +http://www.google.com/bot.html)"
216.73.216.135 - - [18/Jan/2026:03:39:57 -0500] "GET /Sanskrit.php?filesrc=%2F%2Fvar%2Fsoftaculous%2Fbbpress%2Fimages%2Fbbpress.png&path=%2F%2Fvar%2Fsoftaculous%2Fbbpress%2Fimages HTTP/1.1" 200 2110 "-" "Mozilla/5.0 AppleWebKit/537.36 (KHTML, like Gecko; compatible; ClaudeBot/1.0; +claudebot@anthropic.com)"
66.249.64.43 - - [18/Jan/2026:03:40:55 -0500] "GET /shopdetail/clearance/m109138423 HTTP/1.1" 500 718 "-" "Mozilla/5.0 (Linux; Android 6.0.1; Nexus 5X Build/MMB29P) AppleWebKit/537.36 (KHTML, like Gecko) Chrome/143.0.7499.192 Mobile Safari/537.36 (compatible; Googlebot/2.1; +http://www.google.com/bot.html)"
85.208.96.200 - - [18/Jan/2026:03:41:28 -0500] "GET /1xbet-giri-1xbet-yeni-adresi-1xbet-bahis-sites/ HTTP/1.1" 500 718 "-" "Mozilla/5.0 (compatible; SemrushBot/7~bl; +http://www.semrush.com/bot.html)"
66.249.64.42 - - [18/Jan/2026:03:41:53 -0500] "GET /shopdetail/quality/m109177502 HTTP/1.1" 500 718 "-" "Mozilla/5.0 (Linux; Android 6.0.1; Nexus 5X Build/MMB29P) AppleWebKit/537.36 (KHTML, like Gecko) Chrome/143.0.7499.192 Mobile Safari/537.36 (compatible; Googlebot/2.1; +http://www.google.com/bot.html)"
66.249.64.43 - - [18/Jan/2026:03:42:51 -0500] "GET /shopdetail/affordable/m1095323 HTTP/1.1" 500 718 "-" "Mozilla/5.0 (Linux; Android 6.0.1; Nexus 5X Build/MMB29P) AppleWebKit/537.36 (KHTML, like Gecko) Chrome/143.0.7499.192 Mobile Safari/537.36 (compatible; Googlebot/2.1; +http://www.google.com/bot.html)"
66.249.64.41 - - [18/Jan/2026:03:43:49 -0500] "GET /shopdetail/buy/m1098044 HTTP/1.1" 500 718 "-" "Mozilla/5.0 (Linux; Android 6.0.1; Nexus 5X Build/MMB29P) AppleWebKit/537.36 (KHTML, like Gecko) Chrome/143.0.7499.192 Mobile Safari/537.36 (compatible; Googlebot/2.1; +http://www.google.com/bot.html)"