103.166.23.11 - - [17/Jan/2026:08:47:56 -0500] "GET /lost-vegas-free-play-demo HTTP/1.1" 500 718 "https://missenterpriseafrica.com/" "Mozilla/5.0 (Windows NT 10.0; Win64; x64) AppleWebKit/537.36 (KHTML, like Gecko) Chrome/135.0.0.0 Safari/537.36"
66.249.64.43 - - [17/Jan/2026:08:48:17 -0500] "GET /?d=3821773409 HTTP/1.1" 200 631 "-" "Mozilla/5.0 (Linux; Android 6.0.1; Nexus 5X Build/MMB29P) AppleWebKit/537.36 (KHTML, like Gecko) Chrome/143.0.7499.192 Mobile Safari/537.36 (compatible; Googlebot/2.1; +http://www.google.com/bot.html)"
66.249.64.42 - - [17/Jan/2026:08:49:17 -0500] "GET /?d=3706816759 HTTP/1.1" 200 631 "-" "Mozilla/5.0 (Linux; Android 6.0.1; Nexus 5X Build/MMB29P) AppleWebKit/537.36 (KHTML, like Gecko) Chrome/143.0.7499.192 Mobile Safari/537.36 (compatible; Googlebot/2.1; +http://www.google.com/bot.html)"
52.167.144.184 - - [17/Jan/2026:08:49:32 -0500] "GET /ctg/search/similarImageSearchResultView/?ctgItemCd=1325678 HTTP/1.1" 500 718 "-" "Mozilla/5.0 AppleWebKit/537.36 (KHTML, like Gecko; compatible; bingbot/2.0; +http://www.bing.com/bingbot.htm) Chrome/116.0.1938.76 Safari/537.36"
66.249.64.41 - - [17/Jan/2026:08:50:18 -0500] "GET /?d=332197905 HTTP/1.1" 200 631 "-" "Mozilla/5.0 (Linux; Android 6.0.1; Nexus 5X Build/MMB29P) AppleWebKit/537.36 (KHTML, like Gecko) Chrome/143.0.7499.192 Mobile Safari/537.36 (compatible; Googlebot/2.1; +http://www.google.com/bot.html)"
85.208.96.207 - - [17/Jan/2026:08:50:55 -0500] "GET /blog/page/6/ HTTP/1.1" 500 718 "-" "Mozilla/5.0 (compatible; SemrushBot/7~bl; +http://www.semrush.com/bot.html)"
66.249.64.41 - - [17/Jan/2026:08:51:19 -0500] "GET /?d=3392742431 HTTP/1.1" 200 631 "-" "Mozilla/5.0 (Linux; Android 6.0.1; Nexus 5X Build/MMB29P) AppleWebKit/537.36 (KHTML, like Gecko) Chrome/143.0.7499.192 Mobile Safari/537.36 (compatible; Googlebot/2.1; +http://www.google.com/bot.html)"
66.249.64.41 - - [17/Jan/2026:08:51:49 -0500] "GET /shopdetail/inexpensive/m109168194 HTTP/1.1" 500 718 "-" "Mozilla/5.0 (Linux; Android 6.0.1; Nexus 5X Build/MMB29P) AppleWebKit/537.36 (KHTML, like Gecko) Chrome/143.0.7499.192 Mobile Safari/537.36 (compatible; Googlebot/2.1; +http://www.google.com/bot.html)"
66.249.64.42 - - [17/Jan/2026:08:52:19 -0500] "GET /?d=1852586849 HTTP/1.1" 200 631 "-" "Mozilla/5.0 (Linux; Android 6.0.1; Nexus 5X Build/MMB29P) AppleWebKit/537.36 (KHTML, like Gecko) Chrome/143.0.7499.192 Mobile Safari/537.36 (compatible; Googlebot/2.1; +http://www.google.com/bot.html)"
66.249.64.43 - - [17/Jan/2026:08:53:20 -0500] "GET /?ctg/search/similarImageSearchResultView/?ctgItemCd=739102 HTTP/1.1" 200 631 "-" "Mozilla/5.0 (Linux; Android 6.0.1; Nexus 5X Build/MMB29P) AppleWebKit/537.36 (KHTML, like Gecko) Chrome/143.0.7499.192 Mobile Safari/537.36 (compatible; Googlebot/2.1; +http://www.google.com/bot.html)"
66.249.70.8 - - [17/Jan/2026:08:53:46 -0500] "GET /header.php?shopdetail/brand/m109111073 HTTP/1.1" 500 718 "-" "Mozilla/5.0 (Linux; Android 6.0.1; Nexus 5X Build/MMB29P) AppleWebKit/537.36 (KHTML, like Gecko) Chrome/143.0.7499.192 Mobile Safari/537.36 (compatible; Googlebot/2.1; +http://www.google.com/bot.html)"
66.249.64.41 - - [17/Jan/2026:08:54:16 -0500] "GET /shopdetail/authentic/m109177613 HTTP/1.1" 500 718 "-" "Mozilla/5.0 (Linux; Android 6.0.1; Nexus 5X Build/MMB29P) AppleWebKit/537.36 (KHTML, like Gecko) Chrome/143.0.7499.192 Mobile Safari/537.36 (compatible; Googlebot/2.1; +http://www.google.com/bot.html)"
52.167.144.177 - - [17/Jan/2026:08:57:16 -0500] "GET /ctg/search/similarImageSearchResultView/?ctgItemCd=53720 HTTP/1.1" 500 718 "-" "Mozilla/5.0 AppleWebKit/537.36 (KHTML, like Gecko; compatible; bingbot/2.0; +http://www.bing.com/bingbot.htm) Chrome/116.0.1938.76 Safari/537.36"
66.249.70.8 - - [17/Jan/2026:08:57:23 -0500] "GET /?d=973211361 HTTP/1.1" 200 631 "-" "Mozilla/5.0 (Linux; Android 6.0.1; Nexus 5X Build/MMB29P) AppleWebKit/537.36 (KHTML, like Gecko) Chrome/143.0.7499.192 Mobile Safari/537.36 (compatible; Googlebot/2.1; +http://www.google.com/bot.html)"
66.249.70.7 - - [17/Jan/2026:08:58:57 -0500] "GET /?d=2478827290 HTTP/1.1" 200 631 "-" "Mozilla/5.0 (Linux; Android 6.0.1; Nexus 5X Build/MMB29P) AppleWebKit/537.36 (KHTML, like Gecko) Chrome/143.0.7499.192 Mobile Safari/537.36 (compatible; Googlebot/2.1; +http://www.google.com/bot.html)"
66.249.64.41 - - [17/Jan/2026:08:59:28 -0500] "GET /?d=2505906175 HTTP/1.1" 200 631 "-" "Mozilla/5.0 (Linux; Android 6.0.1; Nexus 5X Build/MMB29P) AppleWebKit/537.36 (KHTML, like Gecko) Chrome/143.0.7499.192 Mobile Safari/537.36 (compatible; Googlebot/2.1; +http://www.google.com/bot.html)"
66.249.64.41 - - [17/Jan/2026:09:00:25 -0500] "GET /?d=991668125 HTTP/1.1" 200 631 "-" "Mozilla/5.0 (Linux; Android 6.0.1; Nexus 5X Build/MMB29P) AppleWebKit/537.36 (KHTML, like Gecko) Chrome/143.0.7499.192 Mobile Safari/537.36 (compatible; Googlebot/2.1; +http://www.google.com/bot.html)"
66.249.64.43 - - [17/Jan/2026:09:01:26 -0500] "GET /?d=3842003663 HTTP/1.1" 200 631 "-" "Mozilla/5.0 (Linux; Android 6.0.1; Nexus 5X Build/MMB29P) AppleWebKit/537.36 (KHTML, like Gecko) Chrome/143.0.7499.192 Mobile Safari/537.36 (compatible; Googlebot/2.1; +http://www.google.com/bot.html)"
66.249.64.42 - - [17/Jan/2026:09:01:34 -0500] "GET /shopdetail/latest/m109256897 HTTP/1.1" 500 718 "-" "Mozilla/5.0 (Linux; Android 6.0.1; Nexus 5X Build/MMB29P) AppleWebKit/537.36 (KHTML, like Gecko) Chrome/143.0.7499.192 Mobile Safari/537.36 (compatible; Googlebot/2.1; +http://www.google.com/bot.html)"
103.118.78.29 - - [17/Jan/2026:09:01:35 -0500] "GET /letslucky-casino-100-free-spins HTTP/1.1" 500 718 "https://missenterpriseafrica.com/" "Mozilla/5.0 (Windows NT 10.0; Win64; x64) AppleWebKit/537.36 (KHTML, like Gecko) Chrome/134.0.0.0 Safari/537.36"
66.249.64.43 - - [17/Jan/2026:09:02:26 -0500] "GET /?d=1671086922 HTTP/1.1" 200 631 "-" "Mozilla/5.0 (Linux; Android 6.0.1; Nexus 5X Build/MMB29P) AppleWebKit/537.36 (KHTML, like Gecko) Chrome/143.0.7499.192 Mobile Safari/537.36 (compatible; Googlebot/2.1; +http://www.google.com/bot.html)"
17.241.227.157 - - [17/Jan/2026:09:02:26 -0500] "GET /?p=4044 HTTP/1.1" 200 631 "-" "Mozilla/5.0 (Macintosh; Intel Mac OS X 10_15_7) AppleWebKit/605.1.15 (KHTML, like Gecko) Version/17.4 Safari/605.1.15 (Applebot/0.1; +http://www.apple.com/go/applebot)"
66.249.70.8 - - [17/Jan/2026:09:02:48 -0500] "GET /?d=2238265522 HTTP/1.1" 200 631 "-" "Mozilla/5.0 (Linux; Android 6.0.1; Nexus 5X Build/MMB29P) AppleWebKit/537.36 (KHTML, like Gecko) Chrome/143.0.7499.192 Mobile Safari/537.36 (compatible; Googlebot/2.1; +http://www.google.com/bot.html)"
79.106.35.192 - - [17/Jan/2026:09:03:16 -0500] "GET /mega-money-free-play-demo HTTP/1.1" 500 718 "https://missenterpriseafrica.com/" "Mozilla/5.0 (X11; Linux x86_64) AppleWebKit/537.36 (KHTML, like Gecko) Chrome/114.0.0.0 Safari/537.36"
66.249.64.41 - - [17/Jan/2026:09:03:27 -0500] "GET /?d=3298877410 HTTP/1.1" 200 631 "-" "Mozilla/5.0 (Linux; Android 6.0.1; Nexus 5X Build/MMB29P) AppleWebKit/537.36 (KHTML, like Gecko) Chrome/143.0.7499.192 Mobile Safari/537.36 (compatible; Googlebot/2.1; +http://www.google.com/bot.html)"
66.249.64.41 - - [17/Jan/2026:09:04:07 -0500] "GET /?_g=1687516 HTTP/1.1" 200 631 "-" "Mozilla/5.0 (Linux; Android 6.0.1; Nexus 5X Build/MMB29P) AppleWebKit/537.36 (KHTML, like Gecko) Chrome/143.0.7499.192 Mobile Safari/537.36 (compatible; Googlebot/2.1; +http://www.google.com/bot.html)"
66.249.64.42 - - [17/Jan/2026:09:04:28 -0500] "GET /?d=2531173684 HTTP/1.1" 200 631 "-" "Mozilla/5.0 (Linux; Android 6.0.1; Nexus 5X Build/MMB29P) AppleWebKit/537.36 (KHTML, like Gecko) Chrome/143.0.7499.192 Mobile Safari/537.36 (compatible; Googlebot/2.1; +http://www.google.com/bot.html)"
66.249.64.43 - - [17/Jan/2026:09:05:28 -0500] "GET /?d=905873977 HTTP/1.1" 200 631 "-" "Mozilla/5.0 (Linux; Android 6.0.1; Nexus 5X Build/MMB29P) AppleWebKit/537.36 (KHTML, like Gecko) Chrome/143.0.7499.192 Mobile Safari/537.36 (compatible; Googlebot/2.1; +http://www.google.com/bot.html)"
66.249.64.43 - - [17/Jan/2026:09:06:29 -0500] "GET /?d=4004852692 HTTP/1.1" 200 631 "-" "Mozilla/5.0 (Linux; Android 6.0.1; Nexus 5X Build/MMB29P) AppleWebKit/537.36 (KHTML, like Gecko) Chrome/143.0.7499.192 Mobile Safari/537.36 (compatible; Googlebot/2.1; +http://www.google.com/bot.html)"
66.249.64.42 - - [17/Jan/2026:09:06:39 -0500] "GET /shopdetail/jp/m109368577 HTTP/1.1" 500 718 "-" "Mozilla/5.0 (Linux; Android 6.0.1; Nexus 5X Build/MMB29P) AppleWebKit/537.36 (KHTML, like Gecko) Chrome/143.0.7499.192 Mobile Safari/537.36 (compatible; Googlebot/2.1; +http://www.google.com/bot.html)"
40.77.167.61 - - [17/Jan/2026:09:07:06 -0500] "GET /ctg/search/similarImageSearchResultView/?ctgItemCd=00726350 HTTP/1.1" 500 718 "-" "Mozilla/5.0 AppleWebKit/537.36 (KHTML, like Gecko; compatible; bingbot/2.0; +http://www.bing.com/bingbot.htm) Chrome/116.0.1938.76 Safari/537.36"
66.249.70.6 - - [17/Jan/2026:09:07:09 -0500] "GET /header.php?shopdetail/brand/m10951117 HTTP/1.1" 500 718 "-" "Mozilla/5.0 (Linux; Android 6.0.1; Nexus 5X Build/MMB29P) AppleWebKit/537.36 (KHTML, like Gecko) Chrome/143.0.7499.192 Mobile Safari/537.36 (compatible; Googlebot/2.1; +http://www.google.com/bot.html)"
66.249.64.43 - - [17/Jan/2026:09:07:30 -0500] "GET /?d=3447680652 HTTP/1.1" 200 631 "-" "Mozilla/5.0 (Linux; Android 6.0.1; Nexus 5X Build/MMB29P) AppleWebKit/537.36 (KHTML, like Gecko) Chrome/143.0.7499.192 Mobile Safari/537.36 (compatible; Googlebot/2.1; +http://www.google.com/bot.html)"
66.249.64.43 - - [17/Jan/2026:09:08:31 -0500] "GET /?d=2433653971 HTTP/1.1" 200 631 "-" "Mozilla/5.0 (Linux; Android 6.0.1; Nexus 5X Build/MMB29P) AppleWebKit/537.36 (KHTML, like Gecko) Chrome/143.0.7499.192 Mobile Safari/537.36 (compatible; Googlebot/2.1; +http://www.google.com/bot.html)"
40.77.167.156 - - [17/Jan/2026:09:08:55 -0500] "GET /ctg/search/similarImageSearchResultView/?ctgItemCd=2490872 HTTP/1.1" 500 718 "-" "Mozilla/5.0 AppleWebKit/537.36 (KHTML, like Gecko; compatible; bingbot/2.0; +http://www.bing.com/bingbot.htm) Chrome/116.0.1938.76 Safari/537.36"
66.249.64.41 - - [17/Jan/2026:09:09:31 -0500] "GET /?d=2962815683 HTTP/1.1" 200 631 "-" "Mozilla/5.0 (Linux; Android 6.0.1; Nexus 5X Build/MMB29P) AppleWebKit/537.36 (KHTML, like Gecko) Chrome/143.0.7499.192 Mobile Safari/537.36 (compatible; Googlebot/2.1; +http://www.google.com/bot.html)"
66.249.64.42 - - [17/Jan/2026:09:10:32 -0500] "GET /?d=762140885 HTTP/1.1" 200 631 "-" "Mozilla/5.0 (Linux; Android 6.0.1; Nexus 5X Build/MMB29P) AppleWebKit/537.36 (KHTML, like Gecko) Chrome/143.0.7499.192 Mobile Safari/537.36 (compatible; Googlebot/2.1; +http://www.google.com/bot.html)"
66.249.64.43 - - [17/Jan/2026:09:11:33 -0500] "GET /?d=1208899119 HTTP/1.1" 200 631 "-" "Mozilla/5.0 (Linux; Android 6.0.1; Nexus 5X Build/MMB29P) AppleWebKit/537.36 (KHTML, like Gecko) Chrome/143.0.7499.192 Mobile Safari/537.36 (compatible; Googlebot/2.1; +http://www.google.com/bot.html)"
66.249.64.41 - - [17/Jan/2026:09:12:33 -0500] "GET /?d=3251933059 HTTP/1.1" 200 631 "-" "Mozilla/5.0 (Linux; Android 6.0.1; Nexus 5X Build/MMB29P) AppleWebKit/537.36 (KHTML, like Gecko) Chrome/143.0.7499.192 Mobile Safari/537.36 (compatible; Googlebot/2.1; +http://www.google.com/bot.html)"
66.249.64.41 - - [17/Jan/2026:09:13:34 -0500] "GET /?d=3649155221 HTTP/1.1" 200 631 "-" "Mozilla/5.0 (Linux; Android 6.0.1; Nexus 5X Build/MMB29P) AppleWebKit/537.36 (KHTML, like Gecko) Chrome/143.0.7499.192 Mobile Safari/537.36 (compatible; Googlebot/2.1; +http://www.google.com/bot.html)"
66.249.64.41 - - [17/Jan/2026:09:14:35 -0500] "GET /?d=3044940746 HTTP/1.1" 200 631 "-" "Mozilla/5.0 (Linux; Android 6.0.1; Nexus 5X Build/MMB29P) AppleWebKit/537.36 (KHTML, like Gecko) Chrome/143.0.7499.192 Mobile Safari/537.36 (compatible; Googlebot/2.1; +http://www.google.com/bot.html)"
66.249.64.42 - - [17/Jan/2026:09:15:35 -0500] "GET /?d=1714510181 HTTP/1.1" 200 631 "-" "Mozilla/5.0 (Linux; Android 6.0.1; Nexus 5X Build/MMB29P) AppleWebKit/537.36 (KHTML, like Gecko) Chrome/143.0.7499.192 Mobile Safari/537.36 (compatible; Googlebot/2.1; +http://www.google.com/bot.html)"
66.249.64.41 - - [17/Jan/2026:09:16:36 -0500] "GET /?d=605629782 HTTP/1.1" 200 631 "-" "Mozilla/5.0 (Linux; Android 6.0.1; Nexus 5X Build/MMB29P) AppleWebKit/537.36 (KHTML, like Gecko) Chrome/143.0.7499.192 Mobile Safari/537.36 (compatible; Googlebot/2.1; +http://www.google.com/bot.html)"
66.249.64.43 - - [17/Jan/2026:09:18:13 -0500] "GET /?d=3199377606 HTTP/1.1" 200 631 "-" "Mozilla/5.0 (Linux; Android 6.0.1; Nexus 5X Build/MMB29P) AppleWebKit/537.36 (KHTML, like Gecko) Chrome/143.0.7499.192 Mobile Safari/537.36 (compatible; Googlebot/2.1; +http://www.google.com/bot.html)"
66.249.64.41 - - [17/Jan/2026:09:18:58 -0500] "GET /?d=3823466372 HTTP/1.1" 200 631 "-" "Mozilla/5.0 (Linux; Android 6.0.1; Nexus 5X Build/MMB29P) AppleWebKit/537.36 (KHTML, like Gecko) Chrome/143.0.7499.192 Mobile Safari/537.36 (compatible; Googlebot/2.1; +http://www.google.com/bot.html)"
66.249.64.41 - - [17/Jan/2026:09:19:45 -0500] "GET /shopdetail/jp/m10952194 HTTP/1.1" 500 718 "-" "Mozilla/5.0 (Linux; Android 6.0.1; Nexus 5X Build/MMB29P) AppleWebKit/537.36 (KHTML, like Gecko) Chrome/143.0.7499.192 Mobile Safari/537.36 (compatible; Googlebot/2.1; +http://www.google.com/bot.html)"
66.249.64.41 - - [17/Jan/2026:09:19:47 -0500] "GET /?d=954669839 HTTP/1.1" 200 631 "-" "Mozilla/5.0 (Linux; Android 6.0.1; Nexus 5X Build/MMB29P) AppleWebKit/537.36 (KHTML, like Gecko) Chrome/143.0.7499.192 Mobile Safari/537.36 (compatible; Googlebot/2.1; +http://www.google.com/bot.html)"
66.249.64.42 - - [17/Jan/2026:09:20:34 -0500] "GET /shopdetail/price/m109353139 HTTP/1.1" 500 718 "-" "Mozilla/5.0 (Linux; Android 6.0.1; Nexus 5X Build/MMB29P) AppleWebKit/537.36 (KHTML, like Gecko) Chrome/143.0.7499.192 Mobile Safari/537.36 (compatible; Googlebot/2.1; +http://www.google.com/bot.html)"
192.126.249.54 - - [17/Jan/2026:09:20:57 -0500] "GET /miss-enterpise-contact/ HTTP/1.1" 500 718 "-" "Mozilla/5.0 (Linux x86_64; rv:114.0) Gecko/20100101 Firefox/114.0"
66.249.64.42 - - [17/Jan/2026:09:21:16 -0500] "GET /?d=4043151506 HTTP/1.1" 200 631 "-" "Mozilla/5.0 (Linux; Android 6.0.1; Nexus 5X Build/MMB29P) AppleWebKit/537.36 (KHTML, like Gecko) Chrome/143.0.7499.192 Mobile Safari/537.36 (compatible; Googlebot/2.1; +http://www.google.com/bot.html)"
192.126.249.54 - - [17/Jan/2026:09:21:29 -0500] "GET / HTTP/1.1" 200 631 "-" "Mozilla/5.0 (Linux x86_64; rv:114.0) Gecko/20100101 Firefox/114.0"
40.77.167.23 - - [17/Jan/2026:09:21:39 -0500] "GET /ctg/search/similarImageSearchResultView/?ctgItemCd=10151959 HTTP/1.1" 500 718 "-" "Mozilla/5.0 AppleWebKit/537.36 (KHTML, like Gecko; compatible; bingbot/2.0; +http://www.bing.com/bingbot.htm) Chrome/116.0.1938.76 Safari/537.36"
66.249.64.42 - - [17/Jan/2026:09:21:57 -0500] "GET /?d=1848952166 HTTP/1.1" 200 631 "-" "Mozilla/5.0 (Linux; Android 6.0.1; Nexus 5X Build/MMB29P) AppleWebKit/537.36 (KHTML, like Gecko) Chrome/143.0.7499.192 Mobile Safari/537.36 (compatible; Googlebot/2.1; +http://www.google.com/bot.html)"
66.249.64.42 - - [17/Jan/2026:09:22:35 -0500] "GET /?_g=1147621 HTTP/1.1" 200 631 "-" "Mozilla/5.0 (Linux; Android 6.0.1; Nexus 5X Build/MMB29P) AppleWebKit/537.36 (KHTML, like Gecko) Chrome/143.0.7499.192 Mobile Safari/537.36 (compatible; Googlebot/2.1; +http://www.google.com/bot.html)"
192.126.253.148 - - [17/Jan/2026:09:22:35 -0500] "GET /?C=M;O=A HTTP/1.1" 200 627 "https://missenterpriseafrica.com/" "Mozilla/5.0 (Linux x86_64; rv:114.0) Gecko/20100101 Firefox/114.0"
192.126.253.148 - - [17/Jan/2026:09:22:46 -0500] "GET /wp-confiq.php HTTP/1.1" 200 - "https://missenterpriseafrica.com/" "Mozilla/5.0 (Linux x86_64; rv:114.0) Gecko/20100101 Firefox/114.0"
192.126.253.148 - - [17/Jan/2026:09:22:48 -0500] "GET /?C=S;O=A HTTP/1.1" 200 620 "https://missenterpriseafrica.com/" "Mozilla/5.0 (Linux x86_64; rv:114.0) Gecko/20100101 Firefox/114.0"
192.126.253.148 - - [17/Jan/2026:09:22:57 -0500] "GET /robots.txt HTTP/1.1" 200 141 "https://missenterpriseafrica.com/" "Mozilla/5.0 (Linux x86_64; rv:114.0) Gecko/20100101 Firefox/114.0"
192.126.253.148 - - [17/Jan/2026:09:23:00 -0500] "GET /?C=D;O=A HTTP/1.1" 200 631 "https://missenterpriseafrica.com/" "Mozilla/5.0 (Linux x86_64; rv:114.0) Gecko/20100101 Firefox/114.0"
192.126.253.148 - - [17/Jan/2026:09:23:11 -0500] "GET /pass.php HTTP/1.1" 200 3321 "https://missenterpriseafrica.com/" "Mozilla/5.0 (Linux x86_64; rv:114.0) Gecko/20100101 Firefox/114.0"
192.126.253.148 - - [17/Jan/2026:09:23:12 -0500] "GET /9edfd/ HTTP/1.1" 200 119 "https://missenterpriseafrica.com/" "Mozilla/5.0 (Linux x86_64; rv:114.0) Gecko/20100101 Firefox/114.0"
192.126.253.148 - - [17/Jan/2026:09:23:13 -0500] "GET /index.php0 HTTP/1.1" 200 363 "https://missenterpriseafrica.com/" "Mozilla/5.0 (Linux x86_64; rv:114.0) Gecko/20100101 Firefox/114.0"
192.126.253.148 - - [17/Jan/2026:09:23:15 -0500] "GET /Sanskrit.php HTTP/1.1" 200 3152 "https://missenterpriseafrica.com/" "Mozilla/5.0 (Linux x86_64; rv:114.0) Gecko/20100101 Firefox/114.0"
66.249.64.42 - - [17/Jan/2026:09:23:13 -0500] "GET /?d=4008892618 HTTP/1.1" 200 631 "-" "Mozilla/5.0 (Linux; Android 6.0.1; Nexus 5X Build/MMB29P) AppleWebKit/537.36 (KHTML, like Gecko) Chrome/143.0.7499.192 Mobile Safari/537.36 (compatible; Googlebot/2.1; +http://www.google.com/bot.html)"
192.126.253.148 - - [17/Jan/2026:09:23:24 -0500] "GET /index.php.0 HTTP/1.1" 200 363 "https://missenterpriseafrica.com/" "Mozilla/5.0 (Linux x86_64; rv:114.0) Gecko/20100101 Firefox/114.0"
192.126.253.148 - - [17/Jan/2026:09:23:29 -0500] "GET /adcb74/ HTTP/1.1" 200 329 "https://missenterpriseafrica.com/" "Mozilla/5.0 (Linux x86_64; rv:114.0) Gecko/20100101 Firefox/114.0"
192.126.253.148 - - [17/Jan/2026:09:23:33 -0500] "GET /images/ HTTP/1.1" 200 386 "https://missenterpriseafrica.com/" "Mozilla/5.0 (Linux x86_64; rv:114.0) Gecko/20100101 Firefox/114.0"
66.249.64.41 - - [17/Jan/2026:09:23:52 -0500] "GET /?d=2067424937 HTTP/1.1" 200 631 "-" "Mozilla/5.0 (Linux; Android 6.0.1; Nexus 5X Build/MMB29P) AppleWebKit/537.36 (KHTML, like Gecko) Chrome/143.0.7499.192 Mobile Safari/537.36 (compatible; Googlebot/2.1; +http://www.google.com/bot.html)"
66.249.64.43 - - [17/Jan/2026:09:24:51 -0500] "GET /shopdetail/latest/m10999265 HTTP/1.1" 500 718 "-" "Mozilla/5.0 (Linux; Android 6.0.1; Nexus 5X Build/MMB29P) AppleWebKit/537.36 (KHTML, like Gecko) Chrome/143.0.7499.192 Mobile Safari/537.36 (compatible; Googlebot/2.1; +http://www.google.com/bot.html)"
66.249.64.42 - - [17/Jan/2026:09:24:53 -0500] "GET /?d=3408330745 HTTP/1.1" 200 631 "-" "Mozilla/5.0 (Linux; Android 6.0.1; Nexus 5X Build/MMB29P) AppleWebKit/537.36 (KHTML, like Gecko) Chrome/143.0.7499.192 Mobile Safari/537.36 (compatible; Googlebot/2.1; +http://www.google.com/bot.html)"
66.249.64.41 - - [17/Jan/2026:09:25:46 -0500] "GET /shopdetail/affordable/m109340996 HTTP/1.1" 500 718 "-" "Mozilla/5.0 (Linux; Android 6.0.1; Nexus 5X Build/MMB29P) AppleWebKit/537.36 (KHTML, like Gecko) Chrome/143.0.7499.192 Mobile Safari/537.36 (compatible; Googlebot/2.1; +http://www.google.com/bot.html)"
66.249.64.41 - - [17/Jan/2026:09:25:48 -0500] "GET /?d=2225822360 HTTP/1.1" 200 631 "-" "Mozilla/5.0 (Linux; Android 6.0.1; Nexus 5X Build/MMB29P) AppleWebKit/537.36 (KHTML, like Gecko) Chrome/143.0.7499.192 Mobile Safari/537.36 (compatible; Googlebot/2.1; +http://www.google.com/bot.html)"
66.249.64.41 - - [17/Jan/2026:09:26:26 -0500] "GET /tend023000492 HTTP/1.1" 500 718 "-" "Mozilla/5.0 (Linux; Android 6.0.1; Nexus 5X Build/MMB29P) AppleWebKit/537.36 (KHTML, like Gecko) Chrome/143.0.7499.192 Mobile Safari/537.36 (compatible; Googlebot/2.1; +http://www.google.com/bot.html)"
66.249.64.42 - - [17/Jan/2026:09:26:27 -0500] "GET /?d=917419617 HTTP/1.1" 200 631 "-" "Mozilla/5.0 (Linux; Android 6.0.1; Nexus 5X Build/MMB29P) AppleWebKit/537.36 (KHTML, like Gecko) Chrome/143.0.7499.192 Mobile Safari/537.36 (compatible; Googlebot/2.1; +http://www.google.com/bot.html)"
66.249.64.42 - - [17/Jan/2026:09:26:53 -0500] "GET /?d=1065174283 HTTP/1.1" 200 631 "-" "Mozilla/5.0 (Linux; Android 6.0.1; Nexus 5X Build/MMB29P) AppleWebKit/537.36 (KHTML, like Gecko) Chrome/143.0.7499.192 Mobile Safari/537.36 (compatible; Googlebot/2.1; +http://www.google.com/bot.html)"
66.249.64.42 - - [17/Jan/2026:09:27:21 -0500] "GET /?d=4169301328 HTTP/1.1" 200 631 "-" "Mozilla/5.0 (Linux; Android 6.0.1; Nexus 5X Build/MMB29P) AppleWebKit/537.36 (KHTML, like Gecko) Chrome/143.0.7499.192 Mobile Safari/537.36 (compatible; Googlebot/2.1; +http://www.google.com/bot.html)"
66.249.64.43 - - [17/Jan/2026:09:28:12 -0500] "GET /?d=1799000601 HTTP/1.1" 200 631 "-" "Mozilla/5.0 (Linux; Android 6.0.1; Nexus 5X Build/MMB29P) AppleWebKit/537.36 (KHTML, like Gecko) Chrome/143.0.7499.192 Mobile Safari/537.36 (compatible; Googlebot/2.1; +http://www.google.com/bot.html)"
66.249.64.42 - - [17/Jan/2026:09:28:45 -0500] "GET /?d=3971585156 HTTP/1.1" 200 631 "-" "Mozilla/5.0 (Linux; Android 6.0.1; Nexus 5X Build/MMB29P) AppleWebKit/537.36 (KHTML, like Gecko) Chrome/143.0.7499.192 Mobile Safari/537.36 (compatible; Googlebot/2.1; +http://www.google.com/bot.html)"
66.249.64.41 - - [17/Jan/2026:09:29:31 -0500] "GET /?d=608560141 HTTP/1.1" 200 631 "-" "Mozilla/5.0 (Linux; Android 6.0.1; Nexus 5X Build/MMB29P) AppleWebKit/537.36 (KHTML, like Gecko) Chrome/143.0.7499.192 Mobile Safari/537.36 (compatible; Googlebot/2.1; +http://www.google.com/bot.html)"
66.249.64.42 - - [17/Jan/2026:09:30:17 -0500] "GET /?d=3770148191 HTTP/1.1" 200 631 "-" "Mozilla/5.0 (Linux; Android 6.0.1; Nexus 5X Build/MMB29P) AppleWebKit/537.36 (KHTML, like Gecko) Chrome/143.0.7499.192 Mobile Safari/537.36 (compatible; Googlebot/2.1; +http://www.google.com/bot.html)"
66.249.64.43 - - [17/Jan/2026:09:31:02 -0500] "GET /?d=3814751038 HTTP/1.1" 200 631 "-" "Mozilla/5.0 (Linux; Android 6.0.1; Nexus 5X Build/MMB29P) AppleWebKit/537.36 (KHTML, like Gecko) Chrome/143.0.7499.192 Mobile Safari/537.36 (compatible; Googlebot/2.1; +http://www.google.com/bot.html)"
186.208.222.225 - - [17/Jan/2026:09:31:37 -0500] "GET /wildz-casino-no-deposit-bonus HTTP/1.1" 500 718 "https://missenterpriseafrica.com/" "Mozilla/5.0 (Windows NT 10.0; Win64; x64) AppleWebKit/537.36 (KHTML, like Gecko) Chrome/135.0.0.0 Safari/537.36"
66.249.64.41 - - [17/Jan/2026:09:32:09 -0500] "GET /ctg/search/similarImageSearchResultView/?ctgItemCd=924349 HTTP/1.1" 500 718 "-" "Mozilla/5.0 (Linux; Android 6.0.1; Nexus 5X Build/MMB29P) AppleWebKit/537.36 (KHTML, like Gecko) Chrome/143.0.7499.192 Mobile Safari/537.36 (compatible; Googlebot/2.1; +http://www.google.com/bot.html)"
66.249.64.42 - - [17/Jan/2026:09:32:12 -0500] "GET /?d=1385206498 HTTP/1.1" 200 631 "-" "Mozilla/5.0 (Linux; Android 6.0.1; Nexus 5X Build/MMB29P) AppleWebKit/537.36 (KHTML, like Gecko) Chrome/143.0.7499.192 Mobile Safari/537.36 (compatible; Googlebot/2.1; +http://www.google.com/bot.html)"
66.249.64.43 - - [17/Jan/2026:09:32:33 -0500] "GET /?d=1693735377 HTTP/1.1" 200 631 "-" "Mozilla/5.0 (Linux; Android 6.0.1; Nexus 5X Build/MMB29P) AppleWebKit/537.36 (KHTML, like Gecko) Chrome/143.0.7499.192 Mobile Safari/537.36 (compatible; Googlebot/2.1; +http://www.google.com/bot.html)"
66.249.64.42 - - [17/Jan/2026:09:33:19 -0500] "GET /?d=2904687659 HTTP/1.1" 200 631 "-" "Mozilla/5.0 (Linux; Android 6.0.1; Nexus 5X Build/MMB29P) AppleWebKit/537.36 (KHTML, like Gecko) Chrome/143.0.7499.192 Mobile Safari/537.36 (compatible; Googlebot/2.1; +http://www.google.com/bot.html)"
66.249.64.42 - - [17/Jan/2026:09:34:04 -0500] "GET /?d=4047104298 HTTP/1.1" 200 631 "-" "Mozilla/5.0 (Linux; Android 6.0.1; Nexus 5X Build/MMB29P) AppleWebKit/537.36 (KHTML, like Gecko) Chrome/143.0.7499.192 Mobile Safari/537.36 (compatible; Googlebot/2.1; +http://www.google.com/bot.html)"
66.249.64.42 - - [17/Jan/2026:09:34:50 -0500] "GET /?_g=5552656 HTTP/1.1" 200 631 "-" "Mozilla/5.0 (Linux; Android 6.0.1; Nexus 5X Build/MMB29P) AppleWebKit/537.36 (KHTML, like Gecko) Chrome/143.0.7499.192 Mobile Safari/537.36 (compatible; Googlebot/2.1; +http://www.google.com/bot.html)"
40.77.167.73 - - [17/Jan/2026:09:35:19 -0500] "GET /ctg/search/similarImageSearchResultView/?ctgItemCd=102033 HTTP/1.1" 500 718 "-" "Mozilla/5.0 AppleWebKit/537.36 (KHTML, like Gecko; compatible; bingbot/2.0; +http://www.bing.com/bingbot.htm) Chrome/116.0.1938.76 Safari/537.36"
66.249.64.42 - - [17/Jan/2026:09:35:36 -0500] "GET /?d=1793253520 HTTP/1.1" 200 631 "-" "Mozilla/5.0 (Linux; Android 6.0.1; Nexus 5X Build/MMB29P) AppleWebKit/537.36 (KHTML, like Gecko) Chrome/143.0.7499.192 Mobile Safari/537.36 (compatible; Googlebot/2.1; +http://www.google.com/bot.html)"
77.75.79.36 - - [17/Jan/2026:09:35:44 -0500] "GET /robots.txt HTTP/1.1" 200 141 "-" "Mozilla/5.0 (compatible; SeznamBot/4.0; +https://o-seznam.cz/napoveda/vyhledavani/en/seznambot-crawler/)"
77.75.77.36 - - [17/Jan/2026:09:35:44 -0500] "GET /wp-confiq.php HTTP/1.1" 200 - "-" "Mozilla/5.0 (compatible; SeznamBot/4.0; +https://o-seznam.cz/napoveda/vyhledavani/en/seznambot-crawler/)"
66.249.64.41 - - [17/Jan/2026:09:37:39 -0500] "GET /?d=2529369180 HTTP/1.1" 200 631 "-" "Mozilla/5.0 (Linux; Android 6.0.1; Nexus 5X Build/MMB29P) AppleWebKit/537.36 (KHTML, like Gecko) Chrome/143.0.7499.192 Mobile Safari/537.36 (compatible; Googlebot/2.1; +http://www.google.com/bot.html)"
66.249.64.43 - - [17/Jan/2026:09:38:20 -0500] "GET /?d=4009149752 HTTP/1.1" 200 631 "-" "Mozilla/5.0 (Linux; Android 6.0.1; Nexus 5X Build/MMB29P) AppleWebKit/537.36 (KHTML, like Gecko) Chrome/143.0.7499.192 Mobile Safari/537.36 (compatible; Googlebot/2.1; +http://www.google.com/bot.html)"
66.249.64.41 - - [17/Jan/2026:09:39:01 -0500] "GET /?d=3757528403 HTTP/1.1" 200 631 "-" "Mozilla/5.0 (Linux; Android 6.0.1; Nexus 5X Build/MMB29P) AppleWebKit/537.36 (KHTML, like Gecko) Chrome/143.0.7499.192 Mobile Safari/537.36 (compatible; Googlebot/2.1; +http://www.google.com/bot.html)"
66.249.64.41 - - [17/Jan/2026:09:39:06 -0500] "GET /shopdetail/on/m109422049 HTTP/1.1" 500 718 "-" "Mozilla/5.0 (Linux; Android 6.0.1; Nexus 5X Build/MMB29P) AppleWebKit/537.36 (KHTML, like Gecko) Chrome/143.0.7499.192 Mobile Safari/537.36 (compatible; Googlebot/2.1; +http://www.google.com/bot.html)"
66.249.64.41 - - [17/Jan/2026:09:39:41 -0500] "GET /?d=2819358093 HTTP/1.1" 200 631 "-" "Mozilla/5.0 (Linux; Android 6.0.1; Nexus 5X Build/MMB29P) AppleWebKit/537.36 (KHTML, like Gecko) Chrome/143.0.7499.192 Mobile Safari/537.36 (compatible; Googlebot/2.1; +http://www.google.com/bot.html)"
40.77.167.144 - - [17/Jan/2026:09:40:07 -0500] "GET /ctg/search/similarImageSearchResultView/?ctgItemCd=32187681 HTTP/1.1" 500 718 "-" "Mozilla/5.0 AppleWebKit/537.36 (KHTML, like Gecko; compatible; bingbot/2.0; +http://www.bing.com/bingbot.htm) Chrome/116.0.1938.76 Safari/537.36"
66.249.64.41 - - [17/Jan/2026:09:40:19 -0500] "GET /?d=2067682071 HTTP/1.1" 200 631 "-" "Mozilla/5.0 (Linux; Android 6.0.1; Nexus 5X Build/MMB29P) AppleWebKit/537.36 (KHTML, like Gecko) Chrome/143.0.7499.192 Mobile Safari/537.36 (compatible; Googlebot/2.1; +http://www.google.com/bot.html)"
66.249.64.42 - - [17/Jan/2026:09:40:57 -0500] "GET /?d=4291217488 HTTP/1.1" 200 631 "-" "Mozilla/5.0 (Linux; Android 6.0.1; Nexus 5X Build/MMB29P) AppleWebKit/537.36 (KHTML, like Gecko) Chrome/143.0.7499.192 Mobile Safari/537.36 (compatible; Googlebot/2.1; +http://www.google.com/bot.html)"
66.249.64.42 - - [17/Jan/2026:09:42:13 -0500] "GET /?d=2122213881 HTTP/1.1" 200 631 "-" "Mozilla/5.0 (Linux; Android 6.0.1; Nexus 5X Build/MMB29P) AppleWebKit/537.36 (KHTML, like Gecko) Chrome/143.0.7499.192 Mobile Safari/537.36 (compatible; Googlebot/2.1; +http://www.google.com/bot.html)"
66.249.64.41 - - [17/Jan/2026:09:42:53 -0500] "GET /?d=4214619456 HTTP/1.1" 200 631 "-" "Mozilla/5.0 (Linux; Android 6.0.1; Nexus 5X Build/MMB29P) AppleWebKit/537.36 (KHTML, like Gecko) Chrome/143.0.7499.192 Mobile Safari/537.36 (compatible; Googlebot/2.1; +http://www.google.com/bot.html)"
66.249.64.41 - - [17/Jan/2026:09:42:58 -0500] "GET /shopdetail/arrival/m1092200 HTTP/1.1" 500 718 "-" "Mozilla/5.0 (Linux; Android 6.0.1; Nexus 5X Build/MMB29P) AppleWebKit/537.36 (KHTML, like Gecko) Chrome/143.0.7499.192 Mobile Safari/537.36 (compatible; Googlebot/2.1; +http://www.google.com/bot.html)"
66.249.64.42 - - [17/Jan/2026:09:43:34 -0500] "GET /?d=672473172 HTTP/1.1" 200 631 "-" "Mozilla/5.0 (Linux; Android 6.0.1; Nexus 5X Build/MMB29P) AppleWebKit/537.36 (KHTML, like Gecko) Chrome/143.0.7499.192 Mobile Safari/537.36 (compatible; Googlebot/2.1; +http://www.google.com/bot.html)"
66.249.64.42 - - [17/Jan/2026:09:44:13 -0500] "GET /?d=195269315 HTTP/1.1" 200 631 "-" "Mozilla/5.0 (Linux; Android 6.0.1; Nexus 5X Build/MMB29P) AppleWebKit/537.36 (KHTML, like Gecko) Chrome/143.0.7499.192 Mobile Safari/537.36 (compatible; Googlebot/2.1; +http://www.google.com/bot.html)"
103.58.75.193 - - [17/Jan/2026:09:44:21 -0500] "GET /de-beste-spellen-van-de-wereld HTTP/1.1" 500 718 "https://missenterpriseafrica.com/" "Mozilla/5.0 (Windows NT 10.0; Win64; x64; rv:137.0) Gecko/20100101 Firefox/137.0"
66.249.64.42 - - [17/Jan/2026:09:44:21 -0500] "GET /shopdetail/cheapest/m109456385 HTTP/1.1" 500 718 "-" "Mozilla/5.0 (Linux; Android 6.0.1; Nexus 5X Build/MMB29P) AppleWebKit/537.36 (KHTML, like Gecko) Chrome/143.0.7499.192 Mobile Safari/537.36 (compatible; Googlebot/2.1; +http://www.google.com/bot.html)"
186.130.57.55 - - [17/Jan/2026:09:44:35 -0500] "GET /meeste-kans-om-geld-te-winnen HTTP/1.1" 500 718 "https://missenterpriseafrica.com/" "Mozilla/5.0 (Macintosh; Intel Mac OS X 10_15_7) AppleWebKit/537.36 (KHTML, like Gecko) Chrome/135.0.0.0 Safari/537.36"
66.249.64.43 - - [17/Jan/2026:09:44:57 -0500] "GET /?ctg/search/similarImageSearchResultView/?ctgItemCd=913047 HTTP/1.1" 200 631 "-" "Mozilla/5.0 (Linux; Android 6.0.1; Nexus 5X Build/MMB29P) AppleWebKit/537.36 (KHTML, like Gecko) Chrome/143.0.7499.192 Mobile Safari/537.36 (compatible; Googlebot/2.1; +http://www.google.com/bot.html)"
40.77.167.123 - - [17/Jan/2026:09:45:11 -0500] "GET /ctg/search/similarImageSearchResultView/?ctgItemCd=542128 HTTP/1.1" 500 718 "-" "Mozilla/5.0 AppleWebKit/537.36 (KHTML, like Gecko; compatible; bingbot/2.0; +http://www.bing.com/bingbot.htm) Chrome/116.0.1938.76 Safari/537.36"
66.249.64.41 - - [17/Jan/2026:09:45:37 -0500] "GET /?d=2601969882 HTTP/1.1" 200 631 "-" "Mozilla/5.0 (Linux; Android 6.0.1; Nexus 5X Build/MMB29P) AppleWebKit/537.36 (KHTML, like Gecko) Chrome/143.0.7499.192 Mobile Safari/537.36 (compatible; Googlebot/2.1; +http://www.google.com/bot.html)"
66.249.64.42 - - [17/Jan/2026:09:46:17 -0500] "GET /?d=3011758245 HTTP/1.1" 200 631 "-" "Mozilla/5.0 (Linux; Android 6.0.1; Nexus 5X Build/MMB29P) AppleWebKit/537.36 (KHTML, like Gecko) Chrome/143.0.7499.192 Mobile Safari/537.36 (compatible; Googlebot/2.1; +http://www.google.com/bot.html)"
66.249.64.41 - - [17/Jan/2026:09:47:31 -0500] "GET /?d=2315220131 HTTP/1.1" 200 631 "-" "Mozilla/5.0 (Linux; Android 6.0.1; Nexus 5X Build/MMB29P) AppleWebKit/537.36 (KHTML, like Gecko) Chrome/143.0.7499.192 Mobile Safari/537.36 (compatible; Googlebot/2.1; +http://www.google.com/bot.html)"
85.208.96.208 - - [17/Jan/2026:09:47:50 -0500] "GET /robots.txt HTTP/1.1" 200 141 "-" "Mozilla/5.0 (compatible; SemrushBot/7~bl; +http://www.semrush.com/bot.html)"
185.191.171.10 - - [17/Jan/2026:09:47:52 -0500] "GET /review-khu-d-29091738/ HTTP/1.1" 500 718 "-" "Mozilla/5.0 (compatible; SemrushBot/7~bl; +http://www.semrush.com/bot.html)"
66.249.64.41 - - [17/Jan/2026:09:48:10 -0500] "GET /?d=249518860 HTTP/1.1" 200 631 "-" "Mozilla/5.0 (Linux; Android 6.0.1; Nexus 5X Build/MMB29P) AppleWebKit/537.36 (KHTML, like Gecko) Chrome/143.0.7499.192 Mobile Safari/537.36 (compatible; Googlebot/2.1; +http://www.google.com/bot.html)"
66.249.70.6 - - [17/Jan/2026:09:48:15 -0500] "GET /header.php?shopdetail/brand/m10950055 HTTP/1.1" 500 718 "-" "Mozilla/5.0 (Linux; Android 6.0.1; Nexus 5X Build/MMB29P) AppleWebKit/537.36 (KHTML, like Gecko) Chrome/143.0.7499.192 Mobile Safari/537.36 (compatible; Googlebot/2.1; +http://www.google.com/bot.html)"
66.249.64.41 - - [17/Jan/2026:09:48:50 -0500] "GET /?d=2250936127 HTTP/1.1" 200 631 "-" "Mozilla/5.0 (Linux; Android 6.0.1; Nexus 5X Build/MMB29P) AppleWebKit/537.36 (KHTML, like Gecko) Chrome/143.0.7499.192 Mobile Safari/537.36 (compatible; Googlebot/2.1; +http://www.google.com/bot.html)"
66.249.64.42 - - [17/Jan/2026:09:49:28 -0500] "GET /shopdetail/latest/m109278318 HTTP/1.1" 500 718 "-" "Mozilla/5.0 (Linux; Android 6.0.1; Nexus 5X Build/MMB29P) AppleWebKit/537.36 (KHTML, like Gecko) Chrome/143.0.7499.192 Mobile Safari/537.36 (compatible; Googlebot/2.1; +http://www.google.com/bot.html)"
66.249.64.42 - - [17/Jan/2026:09:49:31 -0500] "GET /?d=3716635074 HTTP/1.1" 200 631 "-" "Mozilla/5.0 (Linux; Android 6.0.1; Nexus 5X Build/MMB29P) AppleWebKit/537.36 (KHTML, like Gecko) Chrome/143.0.7499.192 Mobile Safari/537.36 (compatible; Googlebot/2.1; +http://www.google.com/bot.html)"
66.249.70.8 - - [17/Jan/2026:09:50:12 -0500] "GET /header.php?shopdetail/brand/m1093258 HTTP/1.1" 500 718 "-" "Mozilla/5.0 (Linux; Android 6.0.1; Nexus 5X Build/MMB29P) AppleWebKit/537.36 (KHTML, like Gecko) Chrome/143.0.7499.192 Mobile Safari/537.36 (compatible; Googlebot/2.1; +http://www.google.com/bot.html)"
66.249.64.43 - - [17/Jan/2026:09:50:15 -0500] "GET /?d=3063772730 HTTP/1.1" 200 631 "-" "Mozilla/5.0 (Linux; Android 6.0.1; Nexus 5X Build/MMB29P) AppleWebKit/537.36 (KHTML, like Gecko) Chrome/143.0.7499.192 Mobile Safari/537.36 (compatible; Googlebot/2.1; +http://www.google.com/bot.html)"
66.249.64.42 - - [17/Jan/2026:09:50:53 -0500] "GET /?d=2029075754 HTTP/1.1" 200 631 "-" "Mozilla/5.0 (Linux; Android 6.0.1; Nexus 5X Build/MMB29P) AppleWebKit/537.36 (KHTML, like Gecko) Chrome/143.0.7499.192 Mobile Safari/537.36 (compatible; Googlebot/2.1; +http://www.google.com/bot.html)"
66.249.64.43 - - [17/Jan/2026:09:51:34 -0500] "GET /?d=214237114 HTTP/1.1" 200 631 "-" "Mozilla/5.0 (Linux; Android 6.0.1; Nexus 5X Build/MMB29P) AppleWebKit/537.36 (KHTML, like Gecko) Chrome/143.0.7499.192 Mobile Safari/537.36 (compatible; Googlebot/2.1; +http://www.google.com/bot.html)"
66.249.64.41 - - [17/Jan/2026:09:52:48 -0500] "GET /?d=3049864819 HTTP/1.1" 200 631 "-" "Mozilla/5.0 (Linux; Android 6.0.1; Nexus 5X Build/MMB29P) AppleWebKit/537.36 (KHTML, like Gecko) Chrome/143.0.7499.192 Mobile Safari/537.36 (compatible; Googlebot/2.1; +http://www.google.com/bot.html)"
66.249.64.43 - - [17/Jan/2026:09:53:26 -0500] "GET /?d=2166416889 HTTP/1.1" 200 631 "-" "Mozilla/5.0 (Linux; Android 6.0.1; Nexus 5X Build/MMB29P) AppleWebKit/537.36 (KHTML, like Gecko) Chrome/143.0.7499.192 Mobile Safari/537.36 (compatible; Googlebot/2.1; +http://www.google.com/bot.html)"
66.249.64.42 - - [17/Jan/2026:09:54:41 -0500] "GET /?d=624253445 HTTP/1.1" 200 631 "-" "Mozilla/5.0 (Linux; Android 6.0.1; Nexus 5X Build/MMB29P) AppleWebKit/537.36 (KHTML, like Gecko) Chrome/143.0.7499.192 Mobile Safari/537.36 (compatible; Googlebot/2.1; +http://www.google.com/bot.html)"
66.249.64.42 - - [17/Jan/2026:09:54:49 -0500] "GET /shopdetail/expensive/m109455041 HTTP/1.1" 500 718 "-" "Mozilla/5.0 (Linux; Android 6.0.1; Nexus 5X Build/MMB29P) AppleWebKit/537.36 (KHTML, like Gecko) Chrome/143.0.7499.192 Mobile Safari/537.36 (compatible; Googlebot/2.1; +http://www.google.com/bot.html)"
66.249.64.43 - - [17/Jan/2026:09:55:21 -0500] "GET /?d=718924898 HTTP/1.1" 200 631 "-" "Mozilla/5.0 (Linux; Android 6.0.1; Nexus 5X Build/MMB29P) AppleWebKit/537.36 (KHTML, like Gecko) Chrome/143.0.7499.192 Mobile Safari/537.36 (compatible; Googlebot/2.1; +http://www.google.com/bot.html)"
185.191.171.6 - - [17/Jan/2026:09:55:54 -0500] "GET /test-2/ HTTP/1.1" 500 718 "-" "Mozilla/5.0 (compatible; SemrushBot/7~bl; +http://www.semrush.com/bot.html)"
66.249.64.41 - - [17/Jan/2026:09:56:07 -0500] "GET /?d=1232421168 HTTP/1.1" 200 631 "-" "Mozilla/5.0 (Linux; Android 6.0.1; Nexus 5X Build/MMB29P) AppleWebKit/537.36 (KHTML, like Gecko) Chrome/143.0.7499.192 Mobile Safari/537.36 (compatible; Googlebot/2.1; +http://www.google.com/bot.html)"
66.249.64.42 - - [17/Jan/2026:09:56:53 -0500] "GET /?d=1586650740 HTTP/1.1" 200 631 "-" "Mozilla/5.0 (Linux; Android 6.0.1; Nexus 5X Build/MMB29P) AppleWebKit/537.36 (KHTML, like Gecko) Chrome/143.0.7499.192 Mobile Safari/537.36 (compatible; Googlebot/2.1; +http://www.google.com/bot.html)"
66.249.64.41 - - [17/Jan/2026:09:57:38 -0500] "GET /?d=1738656771 HTTP/1.1" 200 631 "-" "Mozilla/5.0 (Linux; Android 6.0.1; Nexus 5X Build/MMB29P) AppleWebKit/537.36 (KHTML, like Gecko) Chrome/143.0.7499.192 Mobile Safari/537.36 (compatible; Googlebot/2.1; +http://www.google.com/bot.html)"
40.77.167.76 - - [17/Jan/2026:09:57:59 -0500] "GET /ctg/search/similarImageSearchResultView/?ctgItemCd=971611 HTTP/1.1" 500 718 "-" "Mozilla/5.0 AppleWebKit/537.36 (KHTML, like Gecko; compatible; bingbot/2.0; +http://www.bing.com/bingbot.htm) Chrome/116.0.1938.76 Safari/537.36"
66.249.64.43 - - [17/Jan/2026:09:59:55 -0500] "GET /?_g=27389 HTTP/1.1" 200 631 "-" "Mozilla/5.0 (Linux; Android 6.0.1; Nexus 5X Build/MMB29P) AppleWebKit/537.36 (KHTML, like Gecko) Chrome/143.0.7499.192 Mobile Safari/537.36 (compatible; Googlebot/2.1; +http://www.google.com/bot.html)"
187.189.146.107 - - [17/Jan/2026:10:00:18 -0500] "GET /sam-on-the-beach-online-gokkast-spelen-gratis-en-met-geld HTTP/1.1" 500 718 "https://missenterpriseafrica.com/" "Mozilla/5.0 (Windows NT 10.0; Win64; x64) AppleWebKit/537.36 (KHTML, like Gecko) Chrome/134.0.0.0 Safari/537.36"
66.249.64.42 - - [17/Jan/2026:10:00:40 -0500] "GET /?_g=2540603 HTTP/1.1" 200 631 "-" "Mozilla/5.0 (Linux; Android 6.0.1; Nexus 5X Build/MMB29P) AppleWebKit/537.36 (KHTML, like Gecko) Chrome/143.0.7499.192 Mobile Safari/537.36 (compatible; Googlebot/2.1; +http://www.google.com/bot.html)"
52.167.144.163 - - [17/Jan/2026:10:01:14 -0500] "GET /ctg/search/similarImageSearchResultView/?ctgItemCd=931601 HTTP/1.1" 500 718 "-" "Mozilla/5.0 AppleWebKit/537.36 (KHTML, like Gecko; compatible; bingbot/2.0; +http://www.bing.com/bingbot.htm) Chrome/116.0.1938.76 Safari/537.36"
66.249.64.41 - - [17/Jan/2026:10:01:55 -0500] "GET /?d=1855870831 HTTP/1.1" 200 631 "-" "Mozilla/5.0 (Linux; Android 6.0.1; Nexus 5X Build/MMB29P) AppleWebKit/537.36 (KHTML, like Gecko) Chrome/143.0.7499.192 Mobile Safari/537.36 (compatible; Googlebot/2.1; +http://www.google.com/bot.html)"
66.249.64.41 - - [17/Jan/2026:10:02:33 -0500] "GET /shopdetail/authentic/m109104385 HTTP/1.1" 500 718 "-" "Mozilla/5.0 (Linux; Android 6.0.1; Nexus 5X Build/MMB29P) AppleWebKit/537.36 (KHTML, like Gecko) Chrome/143.0.7499.192 Mobile Safari/537.36 (compatible; Googlebot/2.1; +http://www.google.com/bot.html)"
66.249.64.42 - - [17/Jan/2026:10:02:35 -0500] "GET /shopdetail/best/m109153384 HTTP/1.1" 500 718 "-" "Mozilla/5.0 (Linux; Android 6.0.1; Nexus 5X Build/MMB29P) AppleWebKit/537.36 (KHTML, like Gecko) Chrome/143.0.7499.192 Mobile Safari/537.36 (compatible; Googlebot/2.1; +http://www.google.com/bot.html)"
186.48.125.179 - - [17/Jan/2026:10:03:11 -0500] "GET /river-dragons-online-gokkast-spelen-gratis-en-met-geld HTTP/1.1" 500 718 "https://missenterpriseafrica.com/" "Mozilla/5.0 (X11; Linux x86_64) AppleWebKit/537.36 (KHTML, like Gecko) Chrome/134.0.0.0 Safari/537.36"
66.249.64.42 - - [17/Jan/2026:10:03:11 -0500] "GET /?_g=4801922 HTTP/1.1" 200 631 "-" "Mozilla/5.0 (Linux; Android 6.0.1; Nexus 5X Build/MMB29P) AppleWebKit/537.36 (KHTML, like Gecko) Chrome/143.0.7499.192 Mobile Safari/537.36 (compatible; Googlebot/2.1; +http://www.google.com/bot.html)"
66.249.64.42 - - [17/Jan/2026:10:03:50 -0500] "GET /?d=835735981 HTTP/1.1" 200 631 "-" "Mozilla/5.0 (Linux; Android 6.0.1; Nexus 5X Build/MMB29P) AppleWebKit/537.36 (KHTML, like Gecko) Chrome/143.0.7499.192 Mobile Safari/537.36 (compatible; Googlebot/2.1; +http://www.google.com/bot.html)"
66.249.64.41 - - [17/Jan/2026:10:05:03 -0500] "GET /shopdetail/discount/m109117601 HTTP/1.1" 500 718 "-" "Mozilla/5.0 (Linux; Android 6.0.1; Nexus 5X Build/MMB29P) AppleWebKit/537.36 (KHTML, like Gecko) Chrome/143.0.7499.192 Mobile Safari/537.36 (compatible; Googlebot/2.1; +http://www.google.com/bot.html)"
66.249.64.42 - - [17/Jan/2026:10:05:05 -0500] "GET /?d=242196640 HTTP/1.1" 200 631 "-" "Mozilla/5.0 (Linux; Android 6.0.1; Nexus 5X Build/MMB29P) AppleWebKit/537.36 (KHTML, like Gecko) Chrome/143.0.7499.192 Mobile Safari/537.36 (compatible; Googlebot/2.1; +http://www.google.com/bot.html)"
66.249.64.41 - - [17/Jan/2026:10:05:08 -0500] "GET /shopdetail/jp/m109398026 HTTP/1.1" 500 718 "-" "Mozilla/5.0 (Linux; Android 6.0.1; Nexus 5X Build/MMB29P) AppleWebKit/537.36 (KHTML, like Gecko) Chrome/143.0.7499.192 Mobile Safari/537.36 (compatible; Googlebot/2.1; +http://www.google.com/bot.html)"
66.249.64.41 - - [17/Jan/2026:10:05:44 -0500] "GET /?d=3243013115 HTTP/1.1" 200 631 "-" "Mozilla/5.0 (Linux; Android 6.0.1; Nexus 5X Build/MMB29P) AppleWebKit/537.36 (KHTML, like Gecko) Chrome/143.0.7499.192 Mobile Safari/537.36 (compatible; Googlebot/2.1; +http://www.google.com/bot.html)"
66.249.64.41 - - [17/Jan/2026:10:05:47 -0500] "GET /shopdetail/cheapest/m109305665 HTTP/1.1" 500 718 "-" "Mozilla/5.0 (Linux; Android 6.0.1; Nexus 5X Build/MMB29P) AppleWebKit/537.36 (KHTML, like Gecko) Chrome/143.0.7499.192 Mobile Safari/537.36 (compatible; Googlebot/2.1; +http://www.google.com/bot.html)"
66.249.64.41 - - [17/Jan/2026:10:06:07 -0500] "GET /?_g=2344250 HTTP/1.1" 200 631 "-" "Mozilla/5.0 (Linux; Android 6.0.1; Nexus 5X Build/MMB29P) AppleWebKit/537.36 (KHTML, like Gecko) Chrome/143.0.7499.192 Mobile Safari/537.36 (compatible; Googlebot/2.1; +http://www.google.com/bot.html)"
66.249.64.42 - - [17/Jan/2026:10:06:45 -0500] "GET /?ctg/search/similarImageSearchResultView/?ctgItemCd=808448 HTTP/1.1" 200 631 "-" "Mozilla/5.0 (Linux; Android 6.0.1; Nexus 5X Build/MMB29P) AppleWebKit/537.36 (KHTML, like Gecko) Chrome/143.0.7499.192 Mobile Safari/537.36 (compatible; Googlebot/2.1; +http://www.google.com/bot.html)"
116.179.32.109 - - [17/Jan/2026:10:07:25 -0500] "GET /madison-casino-review-nederland/ HTTP/1.1" 500 718 "-" "Mozilla/5.0 (compatible; Baiduspider/2.0; +http://www.baidu.com/search/spider.html)"
119.249.100.172 - - [17/Jan/2026:10:07:26 -0500] "GET /madison-casino-review-nederland/ HTTP/1.1" 500 718 "-" "Mozilla/5.0 (Windows NT 10.0; WOW64) AppleWebKit/537.36 (KHTML, like Gecko) Chrome/48.0.2564.116 Safari/537.36"
220.181.51.92 - - [17/Jan/2026:10:07:27 -0500] "GET /madison-casino-review-nederland/ HTTP/1.1" 500 718 "-" "Mozilla/5.0 (Windows NT 10.0; WOW64) AppleWebKit/537.36 (KHTML, like Gecko) Chrome/48.0.2564.116 Safari/537.36"
66.249.64.42 - - [17/Jan/2026:10:08:00 -0500] "GET /?_g=3795937 HTTP/1.1" 200 631 "-" "Mozilla/5.0 (Linux; Android 6.0.1; Nexus 5X Build/MMB29P) AppleWebKit/537.36 (KHTML, like Gecko) Chrome/143.0.7499.192 Mobile Safari/537.36 (compatible; Googlebot/2.1; +http://www.google.com/bot.html)"
66.249.64.41 - - [17/Jan/2026:10:08:41 -0500] "GET /?d=1638859781 HTTP/1.1" 200 631 "-" "Mozilla/5.0 (Linux; Android 6.0.1; Nexus 5X Build/MMB29P) AppleWebKit/537.36 (KHTML, like Gecko) Chrome/143.0.7499.192 Mobile Safari/537.36 (compatible; Googlebot/2.1; +http://www.google.com/bot.html)"
66.249.64.42 - - [17/Jan/2026:10:09:19 -0500] "GET /?_g=1554416 HTTP/1.1" 200 631 "-" "Mozilla/5.0 (Linux; Android 6.0.1; Nexus 5X Build/MMB29P) AppleWebKit/537.36 (KHTML, like Gecko) Chrome/143.0.7499.192 Mobile Safari/537.36 (compatible; Googlebot/2.1; +http://www.google.com/bot.html)"
66.249.64.42 - - [17/Jan/2026:10:09:56 -0500] "GET /?d=2453013728 HTTP/1.1" 200 631 "-" "Mozilla/5.0 (Linux; Android 6.0.1; Nexus 5X Build/MMB29P) AppleWebKit/537.36 (KHTML, like Gecko) Chrome/143.0.7499.192 Mobile Safari/537.36 (compatible; Googlebot/2.1; +http://www.google.com/bot.html)"
66.249.64.41 - - [17/Jan/2026:10:10:01 -0500] "GET /?d=1150271831 HTTP/1.1" 200 631 "-" "Mozilla/5.0 (Linux; Android 6.0.1; Nexus 5X Build/MMB29P) AppleWebKit/537.36 (KHTML, like Gecko) Chrome/143.0.7499.192 Mobile Safari/537.36 (compatible; Googlebot/2.1; +http://www.google.com/bot.html)"
66.249.64.41 - - [17/Jan/2026:10:10:40 -0500] "GET /?d=1801708826 HTTP/1.1" 200 631 "-" "Mozilla/5.0 (Linux; Android 6.0.1; Nexus 5X Build/MMB29P) AppleWebKit/537.36 (KHTML, like Gecko) Chrome/143.0.7499.192 Mobile Safari/537.36 (compatible; Googlebot/2.1; +http://www.google.com/bot.html)"
52.167.144.233 - - [17/Jan/2026:10:10:51 -0500] "GET /shopdetail/on/m10910625 HTTP/1.1" 500 718 "-" "Mozilla/5.0 AppleWebKit/537.36 (KHTML, like Gecko; compatible; bingbot/2.0; +http://www.bing.com/bingbot.htm) Chrome/116.0.1938.76 Safari/537.36"
185.191.171.6 - - [17/Jan/2026:10:11:04 -0500] "GET /phim-jav-com-26090253/ HTTP/1.1" 500 718 "-" "Mozilla/5.0 (compatible; SemrushBot/7~bl; +http://www.semrush.com/bot.html)"
66.249.64.41 - - [17/Jan/2026:10:11:20 -0500] "GET /ctg/search/similarImageSearchResultView/?ctgItemCd=2277839 HTTP/1.1" 500 718 "-" "Mozilla/5.0 (Linux; Android 6.0.1; Nexus 5X Build/MMB29P) AppleWebKit/537.36 (KHTML, like Gecko) Chrome/143.0.7499.192 Mobile Safari/537.36 (compatible; Googlebot/2.1; +http://www.google.com/bot.html)"
52.167.144.233 - - [17/Jan/2026:10:12:05 -0500] "GET /ctg/search/similarImageSearchResultView/?ctgItemCd=970145 HTTP/1.1" 500 718 "-" "Mozilla/5.0 AppleWebKit/537.36 (KHTML, like Gecko; compatible; bingbot/2.0; +http://www.bing.com/bingbot.htm) Chrome/116.0.1938.76 Safari/537.36"
66.249.64.41 - - [17/Jan/2026:10:12:33 -0500] "GET /shopdetail/authentic/m109129572 HTTP/1.1" 500 718 "-" "Mozilla/5.0 (Linux; Android 6.0.1; Nexus 5X Build/MMB29P) AppleWebKit/537.36 (KHTML, like Gecko) Chrome/143.0.7499.192 Mobile Safari/537.36 (compatible; Googlebot/2.1; +http://www.google.com/bot.html)"
66.249.64.41 - - [17/Jan/2026:10:12:34 -0500] "GET /ctg/search/similarImageSearchResultView/?ctgItemCd=697342 HTTP/1.1" 500 718 "-" "Mozilla/5.0 (Linux; Android 6.0.1; Nexus 5X Build/MMB29P) AppleWebKit/537.36 (KHTML, like Gecko) Chrome/143.0.7499.192 Mobile Safari/537.36 (compatible; Googlebot/2.1; +http://www.google.com/bot.html)"
66.249.64.42 - - [17/Jan/2026:10:13:09 -0500] "GET /ctg/search/similarImageSearchResultView/?ctgItemCd=1672087 HTTP/1.1" 500 718 "-" "Mozilla/5.0 (Linux; Android 6.0.1; Nexus 5X Build/MMB29P) AppleWebKit/537.36 (KHTML, like Gecko) Chrome/143.0.7499.192 Mobile Safari/537.36 (compatible; Googlebot/2.1; +http://www.google.com/bot.html)"
66.249.64.43 - - [17/Jan/2026:10:13:45 -0500] "GET /?d=3807638838 HTTP/1.1" 200 631 "-" "Mozilla/5.0 (Linux; Android 6.0.1; Nexus 5X Build/MMB29P) AppleWebKit/537.36 (KHTML, like Gecko) Chrome/143.0.7499.192 Mobile Safari/537.36 (compatible; Googlebot/2.1; +http://www.google.com/bot.html)"
66.249.64.41 - - [17/Jan/2026:10:13:50 -0500] "GET /ctg/search/similarImageSearchResultView/?ctgItemCd=97488 HTTP/1.1" 500 718 "-" "Mozilla/5.0 (Linux; Android 6.0.1; Nexus 5X Build/MMB29P) AppleWebKit/537.36 (KHTML, like Gecko) Chrome/143.0.7499.192 Mobile Safari/537.36 (compatible; Googlebot/2.1; +http://www.google.com/bot.html)"
66.249.64.41 - - [17/Jan/2026:10:13:52 -0500] "GET /shopdetail/high/m109316097 HTTP/1.1" 500 718 "-" "Mozilla/5.0 (Linux; Android 6.0.1; Nexus 5X Build/MMB29P) AppleWebKit/537.36 (KHTML, like Gecko) Chrome/143.0.7499.192 Mobile Safari/537.36 (compatible; Googlebot/2.1; +http://www.google.com/bot.html)"
66.249.64.42 - - [17/Jan/2026:10:14:27 -0500] "GET /shopdetail/cheap/m109267595 HTTP/1.1" 500 718 "-" "Mozilla/5.0 (Linux; Android 6.0.1; Nexus 5X Build/MMB29P) AppleWebKit/537.36 (KHTML, like Gecko) Chrome/143.0.7499.192 Mobile Safari/537.36 (compatible; Googlebot/2.1; +http://www.google.com/bot.html)"
66.249.64.43 - - [17/Jan/2026:10:15:38 -0500] "GET /shopdetail/expensive/m109140011 HTTP/1.1" 500 718 "-" "Mozilla/5.0 (Linux; Android 6.0.1; Nexus 5X Build/MMB29P) AppleWebKit/537.36 (KHTML, like Gecko) Chrome/143.0.7499.192 Mobile Safari/537.36 (compatible; Googlebot/2.1; +http://www.google.com/bot.html)"
66.249.64.42 - - [17/Jan/2026:10:16:14 -0500] "GET /shopdetail/for/m10948193 HTTP/1.1" 500 718 "-" "Mozilla/5.0 (Linux; Android 6.0.1; Nexus 5X Build/MMB29P) AppleWebKit/537.36 (KHTML, like Gecko) Chrome/143.0.7499.192 Mobile Safari/537.36 (compatible; Googlebot/2.1; +http://www.google.com/bot.html)"
66.249.64.42 - - [17/Jan/2026:10:16:49 -0500] "GET /shopdetail/cheap/m109264468 HTTP/1.1" 500 718 "-" "Mozilla/5.0 (Linux; Android 6.0.1; Nexus 5X Build/MMB29P) AppleWebKit/537.36 (KHTML, like Gecko) Chrome/143.0.7499.192 Mobile Safari/537.36 (compatible; Googlebot/2.1; +http://www.google.com/bot.html)"
66.249.64.42 - - [17/Jan/2026:10:17:25 -0500] "GET /shopdetail/expensive/m109122466 HTTP/1.1" 500 718 "-" "Mozilla/5.0 (Linux; Android 6.0.1; Nexus 5X Build/MMB29P) AppleWebKit/537.36 (KHTML, like Gecko) Chrome/143.0.7499.192 Mobile Safari/537.36 (compatible; Googlebot/2.1; +http://www.google.com/bot.html)"
66.249.64.41 - - [17/Jan/2026:10:18:36 -0500] "GET /shopdetail/special/m109458881 HTTP/1.1" 500 718 "-" "Mozilla/5.0 (Linux; Android 6.0.1; Nexus 5X Build/MMB29P) AppleWebKit/537.36 (KHTML, like Gecko) Chrome/143.0.7499.192 Mobile Safari/537.36 (compatible; Googlebot/2.1; +http://www.google.com/bot.html)"
66.249.64.42 - - [17/Jan/2026:10:19:11 -0500] "GET /?ctg/search/similarImageSearchResultView/?ctgItemCd=2901440 HTTP/1.1" 200 631 "-" "Mozilla/5.0 (Linux; Android 6.0.1; Nexus 5X Build/MMB29P) AppleWebKit/537.36 (KHTML, like Gecko) Chrome/143.0.7499.192 Mobile Safari/537.36 (compatible; Googlebot/2.1; +http://www.google.com/bot.html)"
66.249.64.43 - - [17/Jan/2026:10:19:14 -0500] "GET /shopdetail/cheap/m109105268 HTTP/1.1" 500 718 "-" "Mozilla/5.0 (Linux; Android 6.0.1; Nexus 5X Build/MMB29P) AppleWebKit/537.36 (KHTML, like Gecko) Chrome/143.0.7499.192 Mobile Safari/537.36 (compatible; Googlebot/2.1; +http://www.google.com/bot.html)"
66.249.64.41 - - [17/Jan/2026:10:19:49 -0500] "GET /ctg/search/similarImageSearchResultView/?ctgItemCd=910350 HTTP/1.1" 500 718 "-" "Mozilla/5.0 (Linux; Android 6.0.1; Nexus 5X Build/MMB29P) AppleWebKit/537.36 (KHTML, like Gecko) Chrome/143.0.7499.192 Mobile Safari/537.36 (compatible; Googlebot/2.1; +http://www.google.com/bot.html)"
