52.167.144.191 - - [17/Jan/2026:10:20:45 -0500] "GET /ctg/search/similarImageSearchResultView/?ctgItemCd=56173509 HTTP/1.1" 500 718 "-" "Mozilla/5.0 AppleWebKit/537.36 (KHTML, like Gecko; compatible; bingbot/2.0; +http://www.bing.com/bingbot.htm) Chrome/116.0.1938.76 Safari/537.36"
66.249.64.41 - - [17/Jan/2026:10:21:00 -0500] "GET /shopdetail/for/m109248929 HTTP/1.1" 500 718 "-" "Mozilla/5.0 (Linux; Android 6.0.1; Nexus 5X Build/MMB29P) AppleWebKit/537.36 (KHTML, like Gecko) Chrome/143.0.7499.192 Mobile Safari/537.36 (compatible; Googlebot/2.1; +http://www.google.com/bot.html)"
52.167.144.191 - - [17/Jan/2026:10:21:18 -0500] "GET /ctg/search/similarImageSearchResultView/?ctgItemCd=2066923 HTTP/1.1" 500 718 "-" "Mozilla/5.0 AppleWebKit/537.36 (KHTML, like Gecko; compatible; bingbot/2.0; +http://www.bing.com/bingbot.htm) Chrome/116.0.1938.76 Safari/537.36"
66.249.64.41 - - [17/Jan/2026:10:21:23 -0500] "GET /ctg/search/similarImageSearchResultView/?ctgItemCd=2813013 HTTP/1.1" 500 718 "-" "Mozilla/5.0 (Linux; Android 6.0.1; Nexus 5X Build/MMB29P) AppleWebKit/537.36 (KHTML, like Gecko) Chrome/143.0.7499.192 Mobile Safari/537.36 (compatible; Googlebot/2.1; +http://www.google.com/bot.html)"
66.249.64.41 - - [17/Jan/2026:10:21:39 -0500] "GET /shopdetail/sale/m109134131 HTTP/1.1" 500 718 "-" "Mozilla/5.0 (Linux; Android 6.0.1; Nexus 5X Build/MMB29P) AppleWebKit/537.36 (KHTML, like Gecko) Chrome/143.0.7499.192 Mobile Safari/537.36 (compatible; Googlebot/2.1; +http://www.google.com/bot.html)"
66.249.64.43 - - [17/Jan/2026:10:22:45 -0500] "GET /?d=2882169881 HTTP/1.1" 200 631 "-" "Mozilla/5.0 (Linux; Android 6.0.1; Nexus 5X Build/MMB29P) AppleWebKit/537.36 (KHTML, like Gecko) Chrome/143.0.7499.192 Mobile Safari/537.36 (compatible; Googlebot/2.1; +http://www.google.com/bot.html)"
66.249.64.41 - - [17/Jan/2026:10:23:58 -0500] "GET /ctg/search/similarImageSearchResultView/?ctgItemCd=2280624 HTTP/1.1" 500 718 "-" "Mozilla/5.0 (Linux; Android 6.0.1; Nexus 5X Build/MMB29P) AppleWebKit/537.36 (KHTML, like Gecko) Chrome/143.0.7499.192 Mobile Safari/537.36 (compatible; Googlebot/2.1; +http://www.google.com/bot.html)"
66.249.64.41 - - [17/Jan/2026:10:24:23 -0500] "GET /ctg/search/similarImageSearchResultView/?ctgItemCd=100200 HTTP/1.1" 500 718 "-" "Mozilla/5.0 (Linux; Android 6.0.1; Nexus 5X Build/MMB29P) AppleWebKit/537.36 (KHTML, like Gecko) Chrome/143.0.7499.192 Mobile Safari/537.36 (compatible; Googlebot/2.1; +http://www.google.com/bot.html)"
66.249.64.41 - - [17/Jan/2026:10:24:59 -0500] "GET /?d=769154291 HTTP/1.1" 200 631 "-" "Mozilla/5.0 (Linux; Android 6.0.1; Nexus 5X Build/MMB29P) AppleWebKit/537.36 (KHTML, like Gecko) Chrome/143.0.7499.192 Mobile Safari/537.36 (compatible; Googlebot/2.1; +http://www.google.com/bot.html)"
66.249.64.43 - - [17/Jan/2026:10:26:14 -0500] "GET /ctg/search/similarImageSearchResultView/?ctgItemCd=2275137 HTTP/1.1" 500 718 "-" "Mozilla/5.0 (Linux; Android 6.0.1; Nexus 5X Build/MMB29P) AppleWebKit/537.36 (KHTML, like Gecko) Chrome/143.0.7499.192 Mobile Safari/537.36 (compatible; Googlebot/2.1; +http://www.google.com/bot.html)"
154.47.27.80 - - [17/Jan/2026:10:26:32 -0500] "GET /miss-enterpise-contact/ HTTP/1.0" 500 718 "https://missenterpriseafrica.com/miss-enterpise-contact/" "Mozilla/5.0 (Windows NT 6.2; Win64; x64) AppleWebKit/537.36 (KHTML, like Gecko) Chrome/103.0.0.0 Safari/537.36"
154.47.27.80 - - [17/Jan/2026:10:26:34 -0500] "GET / HTTP/1.0" 200 3135 "https://missenterpriseafrica.com/" "Mozilla/5.0 (Windows NT 6.2; Win64; x64) AppleWebKit/537.36 (KHTML, like Gecko) Chrome/103.0.0.0 Safari/537.36"
66.249.64.41 - - [17/Jan/2026:10:26:50 -0500] "GET /ctg/search/similarImageSearchResultView/?ctgItemCd=2275166 HTTP/1.1" 500 718 "-" "Mozilla/5.0 (Linux; Android 6.0.1; Nexus 5X Build/MMB29P) AppleWebKit/537.36 (KHTML, like Gecko) Chrome/143.0.7499.192 Mobile Safari/537.36 (compatible; Googlebot/2.1; +http://www.google.com/bot.html)"
66.249.64.41 - - [17/Jan/2026:10:27:26 -0500] "GET /ctg/search/similarImageSearchResultView/?ctgItemCd=2607659 HTTP/1.1" 500 718 "-" "Mozilla/5.0 (Linux; Android 6.0.1; Nexus 5X Build/MMB29P) AppleWebKit/537.36 (KHTML, like Gecko) Chrome/143.0.7499.192 Mobile Safari/537.36 (compatible; Googlebot/2.1; +http://www.google.com/bot.html)"
66.249.64.42 - - [17/Jan/2026:10:28:01 -0500] "GET /shopdetail/cheapest/m10916289 HTTP/1.1" 500 718 "-" "Mozilla/5.0 (Linux; Android 6.0.1; Nexus 5X Build/MMB29P) AppleWebKit/537.36 (KHTML, like Gecko) Chrome/143.0.7499.192 Mobile Safari/537.36 (compatible; Googlebot/2.1; +http://www.google.com/bot.html)"
66.249.64.43 - - [17/Jan/2026:10:28:02 -0500] "GET /ctg/search/similarImageSearchResultView/?ctgItemCd=2124048 HTTP/1.1" 500 718 "-" "Mozilla/5.0 (Linux; Android 6.0.1; Nexus 5X Build/MMB29P) AppleWebKit/537.36 (KHTML, like Gecko) Chrome/143.0.7499.192 Mobile Safari/537.36 (compatible; Googlebot/2.1; +http://www.google.com/bot.html)"
66.249.64.43 - - [17/Jan/2026:10:28:03 -0500] "GET /shopdetail/outlet/m109464994 HTTP/1.1" 500 718 "-" "Mozilla/5.0 (Linux; Android 6.0.1; Nexus 5X Build/MMB29P) AppleWebKit/537.36 (KHTML, like Gecko) Chrome/143.0.7499.192 Mobile Safari/537.36 (compatible; Googlebot/2.1; +http://www.google.com/bot.html)"
66.249.64.42 - - [17/Jan/2026:10:29:14 -0500] "GET /?d=882493214 HTTP/1.1" 200 631 "-" "Mozilla/5.0 (Linux; Android 6.0.1; Nexus 5X Build/MMB29P) AppleWebKit/537.36 (KHTML, like Gecko) Chrome/143.0.7499.192 Mobile Safari/537.36 (compatible; Googlebot/2.1; +http://www.google.com/bot.html)"
52.167.144.157 - - [17/Jan/2026:10:29:22 -0500] "GET /ctg/search/similarImageSearchResultView/?ctgItemCd=2474442 HTTP/1.1" 500 718 "-" "Mozilla/5.0 AppleWebKit/537.36 (KHTML, like Gecko; compatible; bingbot/2.0; +http://www.bing.com/bingbot.htm) Chrome/116.0.1938.76 Safari/537.36"
66.249.64.41 - - [17/Jan/2026:10:29:56 -0500] "GET /?d=1913810005 HTTP/1.1" 200 631 "-" "Mozilla/5.0 (Linux; Android 6.0.1; Nexus 5X Build/MMB29P) AppleWebKit/537.36 (KHTML, like Gecko) Chrome/143.0.7499.192 Mobile Safari/537.36 (compatible; Googlebot/2.1; +http://www.google.com/bot.html)"
66.249.64.42 - - [17/Jan/2026:10:30:34 -0500] "GET /ctg/search/similarImageSearchResultView/?ctgItemCd=153562 HTTP/1.1" 500 718 "-" "Mozilla/5.0 (Linux; Android 6.0.1; Nexus 5X Build/MMB29P) AppleWebKit/537.36 (KHTML, like Gecko) Chrome/143.0.7499.192 Mobile Safari/537.36 (compatible; Googlebot/2.1; +http://www.google.com/bot.html)"
66.249.64.43 - - [17/Jan/2026:10:30:35 -0500] "GET /?d=514273075 HTTP/1.1" 200 631 "-" "Mozilla/5.0 (Linux; Android 6.0.1; Nexus 5X Build/MMB29P) AppleWebKit/537.36 (KHTML, like Gecko) Chrome/143.0.7499.192 Mobile Safari/537.36 (compatible; Googlebot/2.1; +http://www.google.com/bot.html)"
66.249.64.42 - - [17/Jan/2026:10:31:15 -0500] "GET /ctg/search/similarImageSearchResultView/?ctgItemCd=2813080 HTTP/1.1" 500 718 "-" "Mozilla/5.0 (Linux; Android 6.0.1; Nexus 5X Build/MMB29P) AppleWebKit/537.36 (KHTML, like Gecko) Chrome/143.0.7499.192 Mobile Safari/537.36 (compatible; Googlebot/2.1; +http://www.google.com/bot.html)"
66.249.64.41 - - [17/Jan/2026:10:31:51 -0500] "GET /?d=2803642665 HTTP/1.1" 200 631 "-" "Mozilla/5.0 (Linux; Android 6.0.1; Nexus 5X Build/MMB29P) AppleWebKit/537.36 (KHTML, like Gecko) Chrome/143.0.7499.192 Mobile Safari/537.36 (compatible; Googlebot/2.1; +http://www.google.com/bot.html)"
66.249.64.41 - - [17/Jan/2026:10:31:56 -0500] "GET /ctg/search/similarImageSearchResultView/?ctgItemCd=1532638 HTTP/1.1" 500 718 "-" "Mozilla/5.0 (Linux; Android 6.0.1; Nexus 5X Build/MMB29P) AppleWebKit/537.36 (KHTML, like Gecko) Chrome/143.0.7499.192 Mobile Safari/537.36 (compatible; Googlebot/2.1; +http://www.google.com/bot.html)"
66.249.64.42 - - [17/Jan/2026:10:33:06 -0500] "GET /ctg/search/similarImageSearchResultView/?ctgItemCd=1672059 HTTP/1.1" 500 718 "-" "Mozilla/5.0 (Linux; Android 6.0.1; Nexus 5X Build/MMB29P) AppleWebKit/537.36 (KHTML, like Gecko) Chrome/143.0.7499.192 Mobile Safari/537.36 (compatible; Googlebot/2.1; +http://www.google.com/bot.html)"
66.249.64.41 - - [17/Jan/2026:10:33:42 -0500] "GET /?d=2420747815 HTTP/1.1" 200 631 "-" "Mozilla/5.0 (Linux; Android 6.0.1; Nexus 5X Build/MMB29P) AppleWebKit/537.36 (KHTML, like Gecko) Chrome/143.0.7499.192 Mobile Safari/537.36 (compatible; Googlebot/2.1; +http://www.google.com/bot.html)"
66.249.64.43 - - [17/Jan/2026:10:34:20 -0500] "GET /shopdetail/quality/m109471809 HTTP/1.1" 500 718 "-" "Mozilla/5.0 (Linux; Android 6.0.1; Nexus 5X Build/MMB29P) AppleWebKit/537.36 (KHTML, like Gecko) Chrome/143.0.7499.192 Mobile Safari/537.36 (compatible; Googlebot/2.1; +http://www.google.com/bot.html)"
66.249.64.41 - - [17/Jan/2026:10:34:55 -0500] "GET /shopdetail/shop/m109237353 HTTP/1.1" 500 718 "-" "Mozilla/5.0 (Linux; Android 6.0.1; Nexus 5X Build/MMB29P) AppleWebKit/537.36 (KHTML, like Gecko) Chrome/143.0.7499.192 Mobile Safari/537.36 (compatible; Googlebot/2.1; +http://www.google.com/bot.html)"
52.167.144.157 - - [17/Jan/2026:10:35:25 -0500] "GET /ctg/search/similarImageSearchResultView/?ctgItemCd=2579637 HTTP/1.1" 500 718 "-" "Mozilla/5.0 AppleWebKit/537.36 (KHTML, like Gecko; compatible; bingbot/2.0; +http://www.bing.com/bingbot.htm) Chrome/116.0.1938.76 Safari/537.36"
66.249.64.42 - - [17/Jan/2026:10:36:06 -0500] "GET /shopdetail/popular/m109271425 HTTP/1.1" 500 718 "-" "Mozilla/5.0 (Linux; Android 6.0.1; Nexus 5X Build/MMB29P) AppleWebKit/537.36 (KHTML, like Gecko) Chrome/143.0.7499.192 Mobile Safari/537.36 (compatible; Googlebot/2.1; +http://www.google.com/bot.html)"
66.249.64.42 - - [17/Jan/2026:10:36:08 -0500] "GET /shopdetail/best/m109149000 HTTP/1.1" 500 718 "-" "Mozilla/5.0 (Linux; Android 6.0.1; Nexus 5X Build/MMB29P) AppleWebKit/537.36 (KHTML, like Gecko) Chrome/143.0.7499.192 Mobile Safari/537.36 (compatible; Googlebot/2.1; +http://www.google.com/bot.html)"
66.249.64.42 - - [17/Jan/2026:10:36:44 -0500] "GET /shopdetail/online/m109377306 HTTP/1.1" 500 718 "-" "Mozilla/5.0 (Linux; Android 6.0.1; Nexus 5X Build/MMB29P) AppleWebKit/537.36 (KHTML, like Gecko) Chrome/143.0.7499.192 Mobile Safari/537.36 (compatible; Googlebot/2.1; +http://www.google.com/bot.html)"
66.249.64.41 - - [17/Jan/2026:10:37:20 -0500] "GET /?d=427905412 HTTP/1.1" 200 631 "-" "Mozilla/5.0 (Linux; Android 6.0.1; Nexus 5X Build/MMB29P) AppleWebKit/537.36 (KHTML, like Gecko) Chrome/143.0.7499.192 Mobile Safari/537.36 (compatible; Googlebot/2.1; +http://www.google.com/bot.html)"
66.249.64.41 - - [17/Jan/2026:10:37:24 -0500] "GET /shopdetail/classic/m109285628 HTTP/1.1" 500 718 "-" "Mozilla/5.0 (Linux; Android 6.0.1; Nexus 5X Build/MMB29P) AppleWebKit/537.36 (KHTML, like Gecko) Chrome/143.0.7499.192 Mobile Safari/537.36 (compatible; Googlebot/2.1; +http://www.google.com/bot.html)"
116.179.32.196 - - [17/Jan/2026:10:37:26 -0500] "GET /cash-o-matic-online-gokkast-spelen-gratis-en-met-geld/ HTTP/1.1" 500 718 "-" "Mozilla/5.0 (compatible; Baiduspider/2.0; +http://www.baidu.com/search/spider.html)"
119.249.100.175 - - [17/Jan/2026:10:37:27 -0500] "GET /cash-o-matic-online-gokkast-spelen-gratis-en-met-geld/ HTTP/1.1" 500 718 "-" "Mozilla/5.0 (Windows NT 10.0; WOW64) AppleWebKit/537.36 (KHTML, like Gecko) Chrome/48.0.2564.116 Safari/537.36"
220.181.51.116 - - [17/Jan/2026:10:37:30 -0500] "GET /cash-o-matic-online-gokkast-spelen-gratis-en-met-geld/ HTTP/1.1" 500 718 "-" "Mozilla/5.0 (Windows NT 10.0; WOW64) AppleWebKit/537.36 (KHTML, like Gecko) Chrome/48.0.2564.116 Safari/537.36"
66.249.64.41 - - [17/Jan/2026:10:37:54 -0500] "GET /?d=4233621411 HTTP/1.1" 200 631 "-" "Mozilla/5.0 (Linux; Android 6.0.1; Nexus 5X Build/MMB29P) AppleWebKit/537.36 (KHTML, like Gecko) Chrome/143.0.7499.192 Mobile Safari/537.36 (compatible; Googlebot/2.1; +http://www.google.com/bot.html)"
66.249.64.41 - - [17/Jan/2026:10:38:40 -0500] "GET /?_g=2510708 HTTP/1.1" 200 631 "-" "Mozilla/5.0 (Linux; Android 6.0.1; Nexus 5X Build/MMB29P) AppleWebKit/537.36 (KHTML, like Gecko) Chrome/143.0.7499.192 Mobile Safari/537.36 (compatible; Googlebot/2.1; +http://www.google.com/bot.html)"
66.249.64.41 - - [17/Jan/2026:10:39:25 -0500] "GET /?_g=4998343 HTTP/1.1" 200 631 "-" "Mozilla/5.0 (Linux; Android 6.0.1; Nexus 5X Build/MMB29P) AppleWebKit/537.36 (KHTML, like Gecko) Chrome/143.0.7499.192 Mobile Safari/537.36 (compatible; Googlebot/2.1; +http://www.google.com/bot.html)"
66.249.64.41 - - [17/Jan/2026:10:40:11 -0500] "GET /?d=2737821273 HTTP/1.1" 200 631 "-" "Mozilla/5.0 (Linux; Android 6.0.1; Nexus 5X Build/MMB29P) AppleWebKit/537.36 (KHTML, like Gecko) Chrome/143.0.7499.192 Mobile Safari/537.36 (compatible; Googlebot/2.1; +http://www.google.com/bot.html)"
66.249.64.42 - - [17/Jan/2026:10:40:59 -0500] "GET /?d=3380029095 HTTP/1.1" 200 631 "-" "Mozilla/5.0 (Linux; Android 6.0.1; Nexus 5X Build/MMB29P) AppleWebKit/537.36 (KHTML, like Gecko) Chrome/143.0.7499.192 Mobile Safari/537.36 (compatible; Googlebot/2.1; +http://www.google.com/bot.html)"
66.249.64.41 - - [17/Jan/2026:10:42:15 -0500] "GET /?d=4149813355 HTTP/1.1" 200 631 "-" "Mozilla/5.0 (Linux; Android 6.0.1; Nexus 5X Build/MMB29P) AppleWebKit/537.36 (KHTML, like Gecko) Chrome/143.0.7499.192 Mobile Safari/537.36 (compatible; Googlebot/2.1; +http://www.google.com/bot.html)"
66.249.64.42 - - [17/Jan/2026:10:43:30 -0500] "GET /ctg/search/similarImageSearchResultView/?ctgItemCd=2277917 HTTP/1.1" 500 718 "-" "Mozilla/5.0 (Linux; Android 6.0.1; Nexus 5X Build/MMB29P) AppleWebKit/537.36 (KHTML, like Gecko) Chrome/143.0.7499.192 Mobile Safari/537.36 (compatible; Googlebot/2.1; +http://www.google.com/bot.html)"
66.249.64.43 - - [17/Jan/2026:10:44:06 -0500] "GET /?d=2282917660 HTTP/1.1" 200 631 "-" "Mozilla/5.0 (Linux; Android 6.0.1; Nexus 5X Build/MMB29P) AppleWebKit/537.36 (KHTML, like Gecko) Chrome/143.0.7499.192 Mobile Safari/537.36 (compatible; Googlebot/2.1; +http://www.google.com/bot.html)"
66.249.64.42 - - [17/Jan/2026:10:45:19 -0500] "GET /?d=2551532036 HTTP/1.1" 200 631 "-" "Mozilla/5.0 (Linux; Android 6.0.1; Nexus 5X Build/MMB29P) AppleWebKit/537.36 (KHTML, like Gecko) Chrome/143.0.7499.192 Mobile Safari/537.36 (compatible; Googlebot/2.1; +http://www.google.com/bot.html)"
66.249.64.41 - - [17/Jan/2026:10:45:58 -0500] "GET /ctg/search/similarImageSearchResultView/?ctgItemCd=673977 HTTP/1.1" 500 718 "-" "Mozilla/5.0 (Linux; Android 6.0.1; Nexus 5X Build/MMB29P) AppleWebKit/537.36 (KHTML, like Gecko) Chrome/143.0.7499.192 Mobile Safari/537.36 (compatible; Googlebot/2.1; +http://www.google.com/bot.html)"
66.249.64.41 - - [17/Jan/2026:10:46:34 -0500] "GET /ctg/search/similarImageSearchResultView/?ctgItemCd=2277899 HTTP/1.1" 500 718 "-" "Mozilla/5.0 (Linux; Android 6.0.1; Nexus 5X Build/MMB29P) AppleWebKit/537.36 (KHTML, like Gecko) Chrome/143.0.7499.192 Mobile Safari/537.36 (compatible; Googlebot/2.1; +http://www.google.com/bot.html)"
66.249.64.43 - - [17/Jan/2026:10:47:09 -0500] "GET /ctg/search/similarImageSearchResultView/?ctgItemCd=1385678 HTTP/1.1" 500 718 "-" "Mozilla/5.0 (Linux; Android 6.0.1; Nexus 5X Build/MMB29P) AppleWebKit/537.36 (KHTML, like Gecko) Chrome/143.0.7499.192 Mobile Safari/537.36 (compatible; Googlebot/2.1; +http://www.google.com/bot.html)"
66.249.64.43 - - [17/Jan/2026:10:48:20 -0500] "GET /ctg/search/similarImageSearchResultView/?ctgItemCd=700089 HTTP/1.1" 500 718 "-" "Mozilla/5.0 (Linux; Android 6.0.1; Nexus 5X Build/MMB29P) AppleWebKit/537.36 (KHTML, like Gecko) Chrome/143.0.7499.192 Mobile Safari/537.36 (compatible; Googlebot/2.1; +http://www.google.com/bot.html)"
66.249.64.43 - - [17/Jan/2026:10:48:55 -0500] "GET /ctg/search/similarImageSearchResultView/?ctgItemCd=2810342 HTTP/1.1" 500 718 "-" "Mozilla/5.0 (Linux; Android 6.0.1; Nexus 5X Build/MMB29P) AppleWebKit/537.36 (KHTML, like Gecko) Chrome/143.0.7499.192 Mobile Safari/537.36 (compatible; Googlebot/2.1; +http://www.google.com/bot.html)"
66.249.64.42 - - [17/Jan/2026:10:48:57 -0500] "GET /shopdetail/affordable/m109251203 HTTP/1.1" 500 718 "-" "Mozilla/5.0 (Linux; Android 6.0.1; Nexus 5X Build/MMB29P) AppleWebKit/537.36 (KHTML, like Gecko) Chrome/143.0.7499.192 Mobile Safari/537.36 (compatible; Googlebot/2.1; +http://www.google.com/bot.html)"
66.249.64.42 - - [17/Jan/2026:10:48:58 -0500] "GET /?d=2809640825 HTTP/1.1" 200 631 "-" "Mozilla/5.0 (Linux; Android 6.0.1; Nexus 5X Build/MMB29P) AppleWebKit/537.36 (KHTML, like Gecko) Chrome/143.0.7499.192 Mobile Safari/537.36 (compatible; Googlebot/2.1; +http://www.google.com/bot.html)"
66.249.64.42 - - [17/Jan/2026:10:49:36 -0500] "GET /ctg/search/similarImageSearchResultView/?ctgItemCd=2283374 HTTP/1.1" 500 718 "-" "Mozilla/5.0 (Linux; Android 6.0.1; Nexus 5X Build/MMB29P) AppleWebKit/537.36 (KHTML, like Gecko) Chrome/143.0.7499.192 Mobile Safari/537.36 (compatible; Googlebot/2.1; +http://www.google.com/bot.html)"
66.249.64.41 - - [17/Jan/2026:10:49:37 -0500] "GET /shopdetail/authentic/m109159641 HTTP/1.1" 500 718 "-" "Mozilla/5.0 (Linux; Android 6.0.1; Nexus 5X Build/MMB29P) AppleWebKit/537.36 (KHTML, like Gecko) Chrome/143.0.7499.192 Mobile Safari/537.36 (compatible; Googlebot/2.1; +http://www.google.com/bot.html)"
66.249.64.41 - - [17/Jan/2026:10:50:32 -0500] "GET /shopdetail/cheap/m109265106 HTTP/1.1" 500 718 "-" "Mozilla/5.0 (Linux; Android 6.0.1; Nexus 5X Build/MMB29P) AppleWebKit/537.36 (KHTML, like Gecko) Chrome/143.0.7499.192 Mobile Safari/537.36 (compatible; Googlebot/2.1; +http://www.google.com/bot.html)"
66.249.64.42 - - [17/Jan/2026:10:51:07 -0500] "GET /ctg/search/similarImageSearchResultView/?ctgItemCd=966927 HTTP/1.1" 500 718 "-" "Mozilla/5.0 (Linux; Android 6.0.1; Nexus 5X Build/MMB29P) AppleWebKit/537.36 (KHTML, like Gecko) Chrome/143.0.7499.192 Mobile Safari/537.36 (compatible; Googlebot/2.1; +http://www.google.com/bot.html)"
66.249.64.42 - - [17/Jan/2026:10:51:43 -0500] "GET /ctg/search/similarImageSearchResultView/?ctgItemCd=966964 HTTP/1.1" 500 718 "-" "Mozilla/5.0 (Linux; Android 6.0.1; Nexus 5X Build/MMB29P) AppleWebKit/537.36 (KHTML, like Gecko) Chrome/143.0.7499.192 Mobile Safari/537.36 (compatible; Googlebot/2.1; +http://www.google.com/bot.html)"
66.249.64.42 - - [17/Jan/2026:10:52:19 -0500] "GET /shopdetail/buy/m109301153 HTTP/1.1" 500 718 "-" "Mozilla/5.0 (Linux; Android 6.0.1; Nexus 5X Build/MMB29P) AppleWebKit/537.36 (KHTML, like Gecko) Chrome/143.0.7499.192 Mobile Safari/537.36 (compatible; Googlebot/2.1; +http://www.google.com/bot.html)"
66.249.64.42 - - [17/Jan/2026:10:52:19 -0500] "GET /shopdetail/buy/m109272129 HTTP/1.1" 500 718 "-" "Mozilla/5.0 (Linux; Android 6.0.1; Nexus 5X Build/MMB29P) AppleWebKit/537.36 (KHTML, like Gecko) Chrome/143.0.7499.192 Mobile Safari/537.36 (compatible; Googlebot/2.1; +http://www.google.com/bot.html)"
66.249.64.41 - - [17/Jan/2026:10:52:55 -0500] "GET /shopdetail/cheapest/m109466415 HTTP/1.1" 500 718 "-" "Mozilla/5.0 (Linux; Android 6.0.1; Nexus 5X Build/MMB29P) AppleWebKit/537.36 (KHTML, like Gecko) Chrome/143.0.7499.192 Mobile Safari/537.36 (compatible; Googlebot/2.1; +http://www.google.com/bot.html)"
66.249.64.41 - - [17/Jan/2026:10:53:31 -0500] "GET /shopdetail/special/m109259991 HTTP/1.1" 500 718 "-" "Mozilla/5.0 (Linux; Android 6.0.1; Nexus 5X Build/MMB29P) AppleWebKit/537.36 (KHTML, like Gecko) Chrome/143.0.7499.192 Mobile Safari/537.36 (compatible; Googlebot/2.1; +http://www.google.com/bot.html)"
66.249.64.41 - - [17/Jan/2026:10:53:31 -0500] "GET /?d=2542791292 HTTP/1.1" 200 631 "-" "Mozilla/5.0 (Linux; Android 6.0.1; Nexus 5X Build/MMB29P) AppleWebKit/537.36 (KHTML, like Gecko) Chrome/143.0.7499.192 Mobile Safari/537.36 (compatible; Googlebot/2.1; +http://www.google.com/bot.html)"
66.249.64.41 - - [17/Jan/2026:10:53:53 -0500] "GET /?d=1677061579 HTTP/1.1" 200 631 "-" "Mozilla/5.0 (Linux; Android 6.0.1; Nexus 5X Build/MMB29P) AppleWebKit/537.36 (KHTML, like Gecko) Chrome/143.0.7499.192 Mobile Safari/537.36 (compatible; Googlebot/2.1; +http://www.google.com/bot.html)"
52.167.144.23 - - [17/Jan/2026:10:54:55 -0500] "GET /ctg/search/similarImageSearchResultView/?ctgItemCd=90021039 HTTP/1.1" 500 718 "-" "Mozilla/5.0 AppleWebKit/537.36 (KHTML, like Gecko; compatible; bingbot/2.0; +http://www.bing.com/bingbot.htm) Chrome/116.0.1938.76 Safari/537.36"
66.249.64.42 - - [17/Jan/2026:10:55:01 -0500] "GET /shopdetail/shop/m109110433 HTTP/1.1" 500 718 "-" "Mozilla/5.0 (Linux; Android 6.0.1; Nexus 5X Build/MMB29P) AppleWebKit/537.36 (KHTML, like Gecko) Chrome/143.0.7499.192 Mobile Safari/537.36 (compatible; Googlebot/2.1; +http://www.google.com/bot.html)"
66.249.64.42 - - [17/Jan/2026:10:55:02 -0500] "GET /shopdetail/brand/m109312140 HTTP/1.1" 500 718 "-" "Mozilla/5.0 (Linux; Android 6.0.1; Nexus 5X Build/MMB29P) AppleWebKit/537.36 (KHTML, like Gecko) Chrome/143.0.7499.192 Mobile Safari/537.36 (compatible; Googlebot/2.1; +http://www.google.com/bot.html)"
66.249.64.41 - - [17/Jan/2026:10:55:24 -0500] "GET /shopdetail/discount/m10969203 HTTP/1.1" 500 718 "-" "Mozilla/5.0 (Linux; Android 6.0.1; Nexus 5X Build/MMB29P) AppleWebKit/537.36 (KHTML, like Gecko) Chrome/143.0.7499.192 Mobile Safari/537.36 (compatible; Googlebot/2.1; +http://www.google.com/bot.html)"
66.249.70.6 - - [17/Jan/2026:10:58:01 -0500] "GET /?d=4185167196 HTTP/1.1" 200 631 "-" "Mozilla/5.0 (Linux; Android 6.0.1; Nexus 5X Build/MMB29P) AppleWebKit/537.36 (KHTML, like Gecko) Chrome/143.0.7499.192 Mobile Safari/537.36 (compatible; Googlebot/2.1; +http://www.google.com/bot.html)"
66.249.64.41 - - [17/Jan/2026:10:59:17 -0500] "GET /ctg/search/similarImageSearchResultView/?ctgItemCd=2284961 HTTP/1.1" 500 718 "-" "Mozilla/5.0 (Linux; Android 6.0.1; Nexus 5X Build/MMB29P) AppleWebKit/537.36 (KHTML, like Gecko) Chrome/143.0.7499.192 Mobile Safari/537.36 (compatible; Googlebot/2.1; +http://www.google.com/bot.html)"
66.249.64.41 - - [17/Jan/2026:11:00:28 -0500] "GET /shopdetail/on/m1091642 HTTP/1.1" 500 718 "-" "Mozilla/5.0 (Linux; Android 6.0.1; Nexus 5X Build/MMB29P) AppleWebKit/537.36 (KHTML, like Gecko) Chrome/143.0.7499.192 Mobile Safari/537.36 (compatible; Googlebot/2.1; +http://www.google.com/bot.html)"
66.249.64.42 - - [17/Jan/2026:11:00:29 -0500] "GET /ctg/search/similarImageSearchResultView/?ctgItemCd=94743 HTTP/1.1" 500 718 "-" "Mozilla/5.0 (Linux; Android 6.0.1; Nexus 5X Build/MMB29P) AppleWebKit/537.36 (KHTML, like Gecko) Chrome/143.0.7499.192 Mobile Safari/537.36 (compatible; Googlebot/2.1; +http://www.google.com/bot.html)"
66.249.64.42 - - [17/Jan/2026:11:00:30 -0500] "GET /?d=4048239146 HTTP/1.1" 200 631 "-" "Mozilla/5.0 (Linux; Android 6.0.1; Nexus 5X Build/MMB29P) AppleWebKit/537.36 (KHTML, like Gecko) Chrome/143.0.7499.192 Mobile Safari/537.36 (compatible; Googlebot/2.1; +http://www.google.com/bot.html)"
66.249.64.43 - - [17/Jan/2026:11:01:08 -0500] "GET /?d=1532899313 HTTP/1.1" 200 631 "-" "Mozilla/5.0 (Linux; Android 6.0.1; Nexus 5X Build/MMB29P) AppleWebKit/537.36 (KHTML, like Gecko) Chrome/143.0.7499.192 Mobile Safari/537.36 (compatible; Googlebot/2.1; +http://www.google.com/bot.html)"
66.249.64.42 - - [17/Jan/2026:11:01:49 -0500] "GET /shopdetail/classic/m10919553 HTTP/1.1" 500 718 "-" "Mozilla/5.0 (Linux; Android 6.0.1; Nexus 5X Build/MMB29P) AppleWebKit/537.36 (KHTML, like Gecko) Chrome/143.0.7499.192 Mobile Safari/537.36 (compatible; Googlebot/2.1; +http://www.google.com/bot.html)"
66.249.64.42 - - [17/Jan/2026:11:01:51 -0500] "GET /shopdetail/cheap/m109260583 HTTP/1.1" 500 718 "-" "Mozilla/5.0 (Linux; Android 6.0.1; Nexus 5X Build/MMB29P) AppleWebKit/537.36 (KHTML, like Gecko) Chrome/143.0.7499.192 Mobile Safari/537.36 (compatible; Googlebot/2.1; +http://www.google.com/bot.html)"
66.249.64.42 - - [17/Jan/2026:11:01:52 -0500] "GET /?d=1339478089 HTTP/1.1" 200 631 "-" "Mozilla/5.0 (Linux; Android 6.0.1; Nexus 5X Build/MMB29P) AppleWebKit/537.36 (KHTML, like Gecko) Chrome/143.0.7499.192 Mobile Safari/537.36 (compatible; Googlebot/2.1; +http://www.google.com/bot.html)"
40.77.167.61 - - [17/Jan/2026:11:02:05 -0500] "GET /ctg/search/similarImageSearchResultView/?ctgItemCd=2415408 HTTP/1.1" 500 718 "-" "Mozilla/5.0 AppleWebKit/537.36 (KHTML, like Gecko; compatible; bingbot/2.0; +http://www.bing.com/bingbot.htm) Chrome/116.0.1938.76 Safari/537.36"
66.249.64.41 - - [17/Jan/2026:11:02:31 -0500] "GET /?d=784805653 HTTP/1.1" 200 631 "-" "Mozilla/5.0 (Linux; Android 6.0.1; Nexus 5X Build/MMB29P) AppleWebKit/537.36 (KHTML, like Gecko) Chrome/143.0.7499.192 Mobile Safari/537.36 (compatible; Googlebot/2.1; +http://www.google.com/bot.html)"
40.77.167.61 - - [17/Jan/2026:11:02:44 -0500] "GET /ctg/search/similarImageSearchResultView/?ctgItemCd=1852790 HTTP/1.1" 500 718 "-" "Mozilla/5.0 AppleWebKit/537.36 (KHTML, like Gecko; compatible; bingbot/2.0; +http://www.bing.com/bingbot.htm) Chrome/116.0.1938.76 Safari/537.36"
66.249.64.43 - - [17/Jan/2026:11:03:12 -0500] "GET /?d=3116714658 HTTP/1.1" 200 631 "-" "Mozilla/5.0 (Linux; Android 6.0.1; Nexus 5X Build/MMB29P) AppleWebKit/537.36 (KHTML, like Gecko) Chrome/143.0.7499.192 Mobile Safari/537.36 (compatible; Googlebot/2.1; +http://www.google.com/bot.html)"
66.249.64.42 - - [17/Jan/2026:11:03:52 -0500] "GET /ctg/search/similarImageSearchResultView/?ctgItemCd=739063 HTTP/1.1" 500 718 "-" "Mozilla/5.0 (Linux; Android 6.0.1; Nexus 5X Build/MMB29P) AppleWebKit/537.36 (KHTML, like Gecko) Chrome/143.0.7499.192 Mobile Safari/537.36 (compatible; Googlebot/2.1; +http://www.google.com/bot.html)"
66.249.70.7 - - [17/Jan/2026:11:05:03 -0500] "GET /header.php?shopdetail/brand/m10987676 HTTP/1.1" 500 718 "-" "Mozilla/5.0 (Linux; Android 6.0.1; Nexus 5X Build/MMB29P) AppleWebKit/537.36 (KHTML, like Gecko) Chrome/143.0.7499.192 Mobile Safari/537.36 (compatible; Googlebot/2.1; +http://www.google.com/bot.html)"
66.249.64.43 - - [17/Jan/2026:11:05:05 -0500] "GET /ctg/search/similarImageSearchResultView/?ctgItemCd=739108 HTTP/1.1" 500 718 "-" "Mozilla/5.0 (Linux; Android 6.0.1; Nexus 5X Build/MMB29P) AppleWebKit/537.36 (KHTML, like Gecko) Chrome/143.0.7499.192 Mobile Safari/537.36 (compatible; Googlebot/2.1; +http://www.google.com/bot.html)"
66.249.64.42 - - [17/Jan/2026:11:05:41 -0500] "GET /?d=1972175345 HTTP/1.1" 200 631 "-" "Mozilla/5.0 (Linux; Android 6.0.1; Nexus 5X Build/MMB29P) AppleWebKit/537.36 (KHTML, like Gecko) Chrome/143.0.7499.192 Mobile Safari/537.36 (compatible; Googlebot/2.1; +http://www.google.com/bot.html)"
66.249.64.42 - - [17/Jan/2026:11:06:20 -0500] "GET /ctg/search/similarImageSearchResultView/?ctgItemCd=2283375 HTTP/1.1" 500 718 "-" "Mozilla/5.0 (Linux; Android 6.0.1; Nexus 5X Build/MMB29P) AppleWebKit/537.36 (KHTML, like Gecko) Chrome/143.0.7499.192 Mobile Safari/537.36 (compatible; Googlebot/2.1; +http://www.google.com/bot.html)"
66.249.64.42 - - [17/Jan/2026:11:06:22 -0500] "GET /shopdetail/affordable/m10933646 HTTP/1.1" 500 718 "-" "Mozilla/5.0 (Linux; Android 6.0.1; Nexus 5X Build/MMB29P) AppleWebKit/537.36 (KHTML, like Gecko) Chrome/143.0.7499.192 Mobile Safari/537.36 (compatible; Googlebot/2.1; +http://www.google.com/bot.html)"
66.249.64.42 - - [17/Jan/2026:11:06:58 -0500] "GET /ctg/search/similarImageSearchResultView/?ctgItemCd=97450 HTTP/1.1" 500 718 "-" "Mozilla/5.0 (Linux; Android 6.0.1; Nexus 5X Build/MMB29P) AppleWebKit/537.36 (KHTML, like Gecko) Chrome/143.0.7499.192 Mobile Safari/537.36 (compatible; Googlebot/2.1; +http://www.google.com/bot.html)"
119.249.100.174 - - [17/Jan/2026:11:07:28 -0500] "GET /igrajte-v-veduschem-onlajn-kazino-pokerstars-casin/ HTTP/1.1" 500 718 "-" "Mozilla/5.0 (Windows NT 10.0; WOW64) AppleWebKit/537.36 (KHTML, like Gecko) Chrome/48.0.2564.116 Safari/537.36"
220.181.51.113 - - [17/Jan/2026:11:07:30 -0500] "GET /igrajte-v-veduschem-onlajn-kazino-pokerstars-casin/ HTTP/1.1" 500 718 "-" "Mozilla/5.0 (Windows NT 10.0; WOW64) AppleWebKit/537.36 (KHTML, like Gecko) Chrome/48.0.2564.116 Safari/537.36"
185.191.171.15 - - [17/Jan/2026:11:08:10 -0500] "GET /robots.txt HTTP/1.1" 200 141 "-" "Mozilla/5.0 (compatible; SemrushBot/7~bl; +http://www.semrush.com/bot.html)"
85.208.96.193 - - [17/Jan/2026:11:08:11 -0500] "GET /xe-tay-ga-50-01092008/ HTTP/1.1" 500 718 "-" "Mozilla/5.0 (compatible; SemrushBot/7~bl; +http://www.semrush.com/bot.html)"
66.249.64.42 - - [17/Jan/2026:11:08:44 -0500] "GET /ctg/search/similarImageSearchResultView/?ctgItemCd=94749 HTTP/1.1" 500 718 "-" "Mozilla/5.0 (Linux; Android 6.0.1; Nexus 5X Build/MMB29P) AppleWebKit/537.36 (KHTML, like Gecko) Chrome/143.0.7499.192 Mobile Safari/537.36 (compatible; Googlebot/2.1; +http://www.google.com/bot.html)"
66.249.64.43 - - [17/Jan/2026:11:09:20 -0500] "GET /?d=1517294725 HTTP/1.1" 200 631 "-" "Mozilla/5.0 (Linux; Android 6.0.1; Nexus 5X Build/MMB29P) AppleWebKit/537.36 (KHTML, like Gecko) Chrome/143.0.7499.192 Mobile Safari/537.36 (compatible; Googlebot/2.1; +http://www.google.com/bot.html)"
66.249.64.43 - - [17/Jan/2026:11:09:23 -0500] "GET /?ctg/search/similarImageSearchResultView/?ctgItemCd=2823803 HTTP/1.1" 200 631 "-" "Mozilla/5.0 (Linux; Android 6.0.1; Nexus 5X Build/MMB29P) AppleWebKit/537.36 (KHTML, like Gecko) Chrome/143.0.7499.192 Mobile Safari/537.36 (compatible; Googlebot/2.1; +http://www.google.com/bot.html)"
66.249.64.42 - - [17/Jan/2026:11:09:49 -0500] "GET /shopdetail/fashion/m10938496 HTTP/1.1" 500 718 "-" "Mozilla/5.0 (Linux; Android 6.0.1; Nexus 5X Build/MMB29P) AppleWebKit/537.36 (KHTML, like Gecko) Chrome/143.0.7499.192 Mobile Safari/537.36 (compatible; Googlebot/2.1; +http://www.google.com/bot.html)"
85.208.96.198 - - [17/Jan/2026:11:10:08 -0500] "GET /kham-pha-ban-29090824/ HTTP/1.1" 500 718 "-" "Mozilla/5.0 (compatible; SemrushBot/7~bl; +http://www.semrush.com/bot.html)"
66.249.64.42 - - [17/Jan/2026:11:10:34 -0500] "GET /shopdetail/releases/m109118209 HTTP/1.1" 500 718 "-" "Mozilla/5.0 (Linux; Android 6.0.1; Nexus 5X Build/MMB29P) AppleWebKit/537.36 (KHTML, like Gecko) Chrome/143.0.7499.192 Mobile Safari/537.36 (compatible; Googlebot/2.1; +http://www.google.com/bot.html)"
66.249.64.43 - - [17/Jan/2026:11:11:20 -0500] "GET /shopdetail/shop/m109234093 HTTP/1.1" 500 718 "-" "Mozilla/5.0 (Linux; Android 6.0.1; Nexus 5X Build/MMB29P) AppleWebKit/537.36 (KHTML, like Gecko) Chrome/143.0.7499.192 Mobile Safari/537.36 (compatible; Googlebot/2.1; +http://www.google.com/bot.html)"
40.77.167.73 - - [17/Jan/2026:11:12:17 -0500] "GET /shopdetail/new/m109223105 HTTP/1.1" 500 718 "-" "Mozilla/5.0 AppleWebKit/537.36 (KHTML, like Gecko; compatible; bingbot/2.0; +http://www.bing.com/bingbot.htm) Chrome/116.0.1938.76 Safari/537.36"
66.249.64.42 - - [17/Jan/2026:11:12:34 -0500] "GET /?ctg/search/similarImageSearchResultView/?ctgItemCd=498181 HTTP/1.1" 200 631 "-" "Mozilla/5.0 (Linux; Android 6.0.1; Nexus 5X Build/MMB29P) AppleWebKit/537.36 (KHTML, like Gecko) Chrome/143.0.7499.192 Mobile Safari/537.36 (compatible; Googlebot/2.1; +http://www.google.com/bot.html)"
66.249.64.42 - - [17/Jan/2026:11:12:56 -0500] "GET /ctg/search/similarImageSearchResultView/?ctgItemCd=1588565 HTTP/1.1" 500 718 "-" "Mozilla/5.0 (Linux; Android 6.0.1; Nexus 5X Build/MMB29P) AppleWebKit/537.36 (KHTML, like Gecko) Chrome/143.0.7499.192 Mobile Safari/537.36 (compatible; Googlebot/2.1; +http://www.google.com/bot.html)"
66.249.64.41 - - [17/Jan/2026:11:13:37 -0500] "GET /?d=3124394518 HTTP/1.1" 200 631 "-" "Mozilla/5.0 (Linux; Android 6.0.1; Nexus 5X Build/MMB29P) AppleWebKit/537.36 (KHTML, like Gecko) Chrome/143.0.7499.192 Mobile Safari/537.36 (compatible; Googlebot/2.1; +http://www.google.com/bot.html)"
185.191.171.10 - - [17/Jan/2026:11:14:05 -0500] "GET /tag/1win/ HTTP/1.1" 500 718 "-" "Mozilla/5.0 (compatible; SemrushBot/7~bl; +http://www.semrush.com/bot.html)"
66.249.64.43 - - [17/Jan/2026:11:14:34 -0500] "GET /shopdetail/outlet/m109376865 HTTP/1.1" 500 718 "-" "Mozilla/5.0 (Linux; Android 6.0.1; Nexus 5X Build/MMB29P) AppleWebKit/537.36 (KHTML, like Gecko) Chrome/143.0.7499.192 Mobile Safari/537.36 (compatible; Googlebot/2.1; +http://www.google.com/bot.html)"
190.124.190.33 - - [17/Jan/2026:11:14:42 -0500] "GET /lapilanders-casino-no-deposit-bonus HTTP/1.1" 500 718 "https://missenterpriseafrica.com/" "Mozilla/5.0 (Macintosh; Intel Mac OS X 10_15_7) AppleWebKit/605.1.15 (KHTML, like Gecko) Version/18.3.1 Safari/605.1.15"
66.249.64.42 - - [17/Jan/2026:11:15:08 -0500] "GET /?d=1887997157 HTTP/1.1" 200 631 "-" "Mozilla/5.0 (Linux; Android 6.0.1; Nexus 5X Build/MMB29P) AppleWebKit/537.36 (KHTML, like Gecko) Chrome/143.0.7499.192 Mobile Safari/537.36 (compatible; Googlebot/2.1; +http://www.google.com/bot.html)"
66.249.64.42 - - [17/Jan/2026:11:15:53 -0500] "GET /?d=1396429426 HTTP/1.1" 200 631 "-" "Mozilla/5.0 (Linux; Android 6.0.1; Nexus 5X Build/MMB29P) AppleWebKit/537.36 (KHTML, like Gecko) Chrome/143.0.7499.192 Mobile Safari/537.36 (compatible; Googlebot/2.1; +http://www.google.com/bot.html)"
66.249.64.43 - - [17/Jan/2026:11:16:39 -0500] "GET /?d=3624690068 HTTP/1.1" 200 631 "-" "Mozilla/5.0 (Linux; Android 6.0.1; Nexus 5X Build/MMB29P) AppleWebKit/537.36 (KHTML, like Gecko) Chrome/143.0.7499.192 Mobile Safari/537.36 (compatible; Googlebot/2.1; +http://www.google.com/bot.html)"
66.249.64.42 - - [17/Jan/2026:11:16:44 -0500] "GET /shopdetail/buy/m109379383 HTTP/1.1" 500 718 "-" "Mozilla/5.0 (Linux; Android 6.0.1; Nexus 5X Build/MMB29P) AppleWebKit/537.36 (KHTML, like Gecko) Chrome/143.0.7499.192 Mobile Safari/537.36 (compatible; Googlebot/2.1; +http://www.google.com/bot.html)"
66.249.64.43 - - [17/Jan/2026:11:17:20 -0500] "GET /shopdetail/classic/m109145089 HTTP/1.1" 500 718 "-" "Mozilla/5.0 (Linux; Android 6.0.1; Nexus 5X Build/MMB29P) AppleWebKit/537.36 (KHTML, like Gecko) Chrome/143.0.7499.192 Mobile Safari/537.36 (compatible; Googlebot/2.1; +http://www.google.com/bot.html)"
66.249.64.42 - - [17/Jan/2026:11:17:52 -0500] "GET /ctg/search/similarImageSearchResultView/?ctgItemCd=1659086 HTTP/1.1" 500 718 "-" "Mozilla/5.0 (Linux; Android 6.0.1; Nexus 5X Build/MMB29P) AppleWebKit/537.36 (KHTML, like Gecko) Chrome/143.0.7499.192 Mobile Safari/537.36 (compatible; Googlebot/2.1; +http://www.google.com/bot.html)"
66.249.64.42 - - [17/Jan/2026:11:17:54 -0500] "GET /shopdetail/on/m10985333 HTTP/1.1" 500 718 "-" "Mozilla/5.0 (Linux; Android 6.0.1; Nexus 5X Build/MMB29P) AppleWebKit/537.36 (KHTML, like Gecko) Chrome/143.0.7499.192 Mobile Safari/537.36 (compatible; Googlebot/2.1; +http://www.google.com/bot.html)"
103.120.161.184 - - [17/Jan/2026:11:18:17 -0500] "GET /palms-bet-casino-no-deposit-bonus HTTP/1.1" 500 718 "https://missenterpriseafrica.com/" "Mozilla/5.0 (Macintosh; Intel Mac OS X 10_15_7) AppleWebKit/605.1.15 (KHTML, like Gecko) Version/18.2 Safari/605.1.15"
66.249.64.42 - - [17/Jan/2026:11:18:58 -0500] "GET /?d=3027669202 HTTP/1.1" 200 631 "-" "Mozilla/5.0 (Linux; Android 6.0.1; Nexus 5X Build/MMB29P) AppleWebKit/537.36 (KHTML, like Gecko) Chrome/143.0.7499.192 Mobile Safari/537.36 (compatible; Googlebot/2.1; +http://www.google.com/bot.html)"
66.249.64.41 - - [17/Jan/2026:11:19:33 -0500] "GET /shopdetail/brand/m109113850 HTTP/1.1" 500 718 "-" "Mozilla/5.0 (Linux; Android 6.0.1; Nexus 5X Build/MMB29P) AppleWebKit/537.36 (KHTML, like Gecko) Chrome/143.0.7499.192 Mobile Safari/537.36 (compatible; Googlebot/2.1; +http://www.google.com/bot.html)"
66.249.64.42 - - [17/Jan/2026:11:19:34 -0500] "GET /shopdetail/authentic/m10999042 HTTP/1.1" 500 718 "-" "Mozilla/5.0 (Linux; Android 6.0.1; Nexus 5X Build/MMB29P) AppleWebKit/537.36 (KHTML, like Gecko) Chrome/143.0.7499.192 Mobile Safari/537.36 (compatible; Googlebot/2.1; +http://www.google.com/bot.html)"
66.249.64.41 - - [17/Jan/2026:11:19:35 -0500] "GET /?d=1941797080 HTTP/1.1" 200 631 "-" "Mozilla/5.0 (Linux; Android 6.0.1; Nexus 5X Build/MMB29P) AppleWebKit/537.36 (KHTML, like Gecko) Chrome/143.0.7499.192 Mobile Safari/537.36 (compatible; Googlebot/2.1; +http://www.google.com/bot.html)"
66.249.64.41 - - [17/Jan/2026:11:19:53 -0500] "GET /?d=2239373839 HTTP/1.1" 200 631 "-" "Mozilla/5.0 (Linux; Android 6.0.1; Nexus 5X Build/MMB29P) AppleWebKit/537.36 (KHTML, like Gecko) Chrome/143.0.7499.192 Mobile Safari/537.36 (compatible; Googlebot/2.1; +http://www.google.com/bot.html)"
66.249.64.43 - - [17/Jan/2026:11:20:33 -0500] "GET /?d=1809062702 HTTP/1.1" 200 631 "-" "Mozilla/5.0 (Linux; Android 6.0.1; Nexus 5X Build/MMB29P) AppleWebKit/537.36 (KHTML, like Gecko) Chrome/143.0.7499.192 Mobile Safari/537.36 (compatible; Googlebot/2.1; +http://www.google.com/bot.html)"
66.249.64.43 - - [17/Jan/2026:11:21:13 -0500] "GET /?d=3264132187 HTTP/1.1" 200 631 "-" "Mozilla/5.0 (Linux; Android 6.0.1; Nexus 5X Build/MMB29P) AppleWebKit/537.36 (KHTML, like Gecko) Chrome/143.0.7499.192 Mobile Safari/537.36 (compatible; Googlebot/2.1; +http://www.google.com/bot.html)"
66.249.64.43 - - [17/Jan/2026:11:22:00 -0500] "GET /?d=4191231648 HTTP/1.1" 200 631 "-" "Mozilla/5.0 (Linux; Android 6.0.1; Nexus 5X Build/MMB29P) AppleWebKit/537.36 (KHTML, like Gecko) Chrome/143.0.7499.192 Mobile Safari/537.36 (compatible; Googlebot/2.1; +http://www.google.com/bot.html)"
66.249.64.42 - - [17/Jan/2026:11:22:33 -0500] "GET /?d=939349937 HTTP/1.1" 200 631 "-" "Mozilla/5.0 (Linux; Android 6.0.1; Nexus 5X Build/MMB29P) AppleWebKit/537.36 (KHTML, like Gecko) Chrome/143.0.7499.192 Mobile Safari/537.36 (compatible; Googlebot/2.1; +http://www.google.com/bot.html)"
66.249.64.41 - - [17/Jan/2026:11:23:40 -0500] "GET /?d=328002501 HTTP/1.1" 200 631 "-" "Mozilla/5.0 (Linux; Android 6.0.1; Nexus 5X Build/MMB29P) AppleWebKit/537.36 (KHTML, like Gecko) Chrome/143.0.7499.192 Mobile Safari/537.36 (compatible; Googlebot/2.1; +http://www.google.com/bot.html)"
66.249.64.43 - - [17/Jan/2026:11:24:00 -0500] "GET /?d=2490085480 HTTP/1.1" 200 631 "-" "Mozilla/5.0 (Linux; Android 6.0.1; Nexus 5X Build/MMB29P) AppleWebKit/537.36 (KHTML, like Gecko) Chrome/143.0.7499.192 Mobile Safari/537.36 (compatible; Googlebot/2.1; +http://www.google.com/bot.html)"
66.249.64.43 - - [17/Jan/2026:11:25:53 -0500] "GET /?d=4056839293 HTTP/1.1" 200 631 "-" "Mozilla/5.0 (Linux; Android 6.0.1; Nexus 5X Build/MMB29P) AppleWebKit/537.36 (KHTML, like Gecko) Chrome/143.0.7499.192 Mobile Safari/537.36 (compatible; Googlebot/2.1; +http://www.google.com/bot.html)"
66.249.64.42 - - [17/Jan/2026:11:26:33 -0500] "GET /?d=3257043522 HTTP/1.1" 200 631 "-" "Mozilla/5.0 (Linux; Android 6.0.1; Nexus 5X Build/MMB29P) AppleWebKit/537.36 (KHTML, like Gecko) Chrome/143.0.7499.192 Mobile Safari/537.36 (compatible; Googlebot/2.1; +http://www.google.com/bot.html)"
66.249.64.41 - - [17/Jan/2026:11:27:14 -0500] "GET /?d=2899668827 HTTP/1.1" 200 631 "-" "Mozilla/5.0 (Linux; Android 6.0.1; Nexus 5X Build/MMB29P) AppleWebKit/537.36 (KHTML, like Gecko) Chrome/143.0.7499.192 Mobile Safari/537.36 (compatible; Googlebot/2.1; +http://www.google.com/bot.html)"
66.249.64.41 - - [17/Jan/2026:11:27:53 -0500] "GET /?d=2999060091 HTTP/1.1" 200 631 "-" "Mozilla/5.0 (Linux; Android 6.0.1; Nexus 5X Build/MMB29P) AppleWebKit/537.36 (KHTML, like Gecko) Chrome/143.0.7499.192 Mobile Safari/537.36 (compatible; Googlebot/2.1; +http://www.google.com/bot.html)"
47.82.11.37 - - [17/Jan/2026:11:28:24 -0500] "GET /online-roulette-voor-geld-nederland HTTP/1.1" 500 718 "https://missenterpriseafrica.com/" "Mozilla/5.0 (Windows NT 10.0; Win64; x64) AppleWebKit/537.36 (KHTML, like Gecko) Chrome/123.0.6312.4 Safari/537.36"
66.249.64.41 - - [17/Jan/2026:11:28:33 -0500] "GET /?d=873047895 HTTP/1.1" 200 631 "-" "Mozilla/5.0 (Linux; Android 6.0.1; Nexus 5X Build/MMB29P) AppleWebKit/537.36 (KHTML, like Gecko) Chrome/143.0.7499.192 Mobile Safari/537.36 (compatible; Googlebot/2.1; +http://www.google.com/bot.html)"
66.249.64.43 - - [17/Jan/2026:11:29:13 -0500] "GET /?d=1748631115 HTTP/1.1" 200 631 "-" "Mozilla/5.0 (Linux; Android 6.0.1; Nexus 5X Build/MMB29P) AppleWebKit/537.36 (KHTML, like Gecko) Chrome/143.0.7499.192 Mobile Safari/537.36 (compatible; Googlebot/2.1; +http://www.google.com/bot.html)"
66.249.64.41 - - [17/Jan/2026:11:29:53 -0500] "GET /?d=3006655629 HTTP/1.1" 200 631 "-" "Mozilla/5.0 (Linux; Android 6.0.1; Nexus 5X Build/MMB29P) AppleWebKit/537.36 (KHTML, like Gecko) Chrome/143.0.7499.192 Mobile Safari/537.36 (compatible; Googlebot/2.1; +http://www.google.com/bot.html)"
66.249.64.41 - - [17/Jan/2026:11:30:33 -0500] "GET /?d=3829464838 HTTP/1.1" 200 631 "-" "Mozilla/5.0 (Linux; Android 6.0.1; Nexus 5X Build/MMB29P) AppleWebKit/537.36 (KHTML, like Gecko) Chrome/143.0.7499.192 Mobile Safari/537.36 (compatible; Googlebot/2.1; +http://www.google.com/bot.html)"
66.249.64.41 - - [17/Jan/2026:11:31:13 -0500] "GET /?d=3530373143 HTTP/1.1" 200 631 "-" "Mozilla/5.0 (Linux; Android 6.0.1; Nexus 5X Build/MMB29P) AppleWebKit/537.36 (KHTML, like Gecko) Chrome/143.0.7499.192 Mobile Safari/537.36 (compatible; Googlebot/2.1; +http://www.google.com/bot.html)"
66.249.64.41 - - [17/Jan/2026:11:31:53 -0500] "GET /?d=3077788847 HTTP/1.1" 200 631 "-" "Mozilla/5.0 (Linux; Android 6.0.1; Nexus 5X Build/MMB29P) AppleWebKit/537.36 (KHTML, like Gecko) Chrome/143.0.7499.192 Mobile Safari/537.36 (compatible; Googlebot/2.1; +http://www.google.com/bot.html)"
66.249.64.41 - - [17/Jan/2026:11:32:33 -0500] "GET /?d=1331554559 HTTP/1.1" 200 631 "-" "Mozilla/5.0 (Linux; Android 6.0.1; Nexus 5X Build/MMB29P) AppleWebKit/537.36 (KHTML, like Gecko) Chrome/143.0.7499.192 Mobile Safari/537.36 (compatible; Googlebot/2.1; +http://www.google.com/bot.html)"
202.70.146.35 - - [17/Jan/2026:11:33:13 -0500] "GET /omni-slots-casino-review-nederland HTTP/1.1" 500 718 "https://missenterpriseafrica.com/" "Mozilla/5.0 (Windows NT 10.0; Win64; x64) AppleWebKit/537.36 (KHTML, like Gecko) Chrome/135.0.0.0 Safari/537.36"
66.249.64.43 - - [17/Jan/2026:11:33:13 -0500] "GET /?d=3808333791 HTTP/1.1" 200 631 "-" "Mozilla/5.0 (Linux; Android 6.0.1; Nexus 5X Build/MMB29P) AppleWebKit/537.36 (KHTML, like Gecko) Chrome/143.0.7499.192 Mobile Safari/537.36 (compatible; Googlebot/2.1; +http://www.google.com/bot.html)"
39.34.14.0 - - [17/Jan/2026:11:34:03 -0500] "GET /tower-quest-online-gokkast-spelen-gratis-en-met-geld HTTP/1.1" 500 718 "https://missenterpriseafrica.com/" "Mozilla/5.0 (Macintosh; Intel Mac OS X 10_15_7) AppleWebKit/537.36 (KHTML, like Gecko) Chrome/135.0.0.0 Safari/537.36"
85.208.96.210 - - [17/Jan/2026:11:34:10 -0500] "GET /casino-geld/ HTTP/1.1" 500 718 "-" "Mozilla/5.0 (compatible; SemrushBot/7~bl; +http://www.semrush.com/bot.html)"
66.249.64.41 - - [17/Jan/2026:11:36:07 -0500] "GET /?d=2752224241 HTTP/1.1" 200 631 "-" "Mozilla/5.0 (Linux; Android 6.0.1; Nexus 5X Build/MMB29P) AppleWebKit/537.36 (KHTML, like Gecko) Chrome/143.0.7499.192 Mobile Safari/537.36 (compatible; Googlebot/2.1; +http://www.google.com/bot.html)"
66.249.64.41 - - [17/Jan/2026:11:36:45 -0500] "GET /?d=4108200290 HTTP/1.1" 200 631 "-" "Mozilla/5.0 (Linux; Android 6.0.1; Nexus 5X Build/MMB29P) AppleWebKit/537.36 (KHTML, like Gecko) Chrome/143.0.7499.192 Mobile Safari/537.36 (compatible; Googlebot/2.1; +http://www.google.com/bot.html)"
66.249.64.41 - - [17/Jan/2026:11:36:50 -0500] "GET /shopdetail/the/m109363329 HTTP/1.1" 500 718 "-" "Mozilla/5.0 (Linux; Android 6.0.1; Nexus 5X Build/MMB29P) AppleWebKit/537.36 (KHTML, like Gecko) Chrome/143.0.7499.192 Mobile Safari/537.36 (compatible; Googlebot/2.1; +http://www.google.com/bot.html)"
66.249.64.41 - - [17/Jan/2026:11:36:51 -0500] "GET /?_g=2986262 HTTP/1.1" 200 631 "-" "Mozilla/5.0 (Linux; Android 6.0.1; Nexus 5X Build/MMB29P) AppleWebKit/537.36 (KHTML, like Gecko) Chrome/143.0.7499.192 Mobile Safari/537.36 (compatible; Googlebot/2.1; +http://www.google.com/bot.html)"
116.179.32.51 - - [17/Jan/2026:11:37:25 -0500] "GET /online-casino-grote-winkans/ HTTP/1.1" 500 718 "-" "Mozilla/5.0 (compatible; Baiduspider/2.0; +http://www.baidu.com/search/spider.html)"
119.249.100.47 - - [17/Jan/2026:11:37:26 -0500] "GET /online-casino-grote-winkans/ HTTP/1.1" 500 718 "-" "Mozilla/5.0 (Windows NT 10.0; WOW64) AppleWebKit/537.36 (KHTML, like Gecko) Chrome/48.0.2564.116 Safari/537.36"
119.249.100.171 - - [17/Jan/2026:11:37:27 -0500] "GET /online-casino-grote-winkans/ HTTP/1.1" 500 718 "-" "Mozilla/5.0 (Windows NT 10.0; WOW64) AppleWebKit/537.36 (KHTML, like Gecko) Chrome/48.0.2564.116 Safari/537.36"
66.249.64.41 - - [17/Jan/2026:11:37:41 -0500] "GET /?ctg/search/similarImageSearchResultView/?ctgItemCd=498174 HTTP/1.1" 200 631 "-" "Mozilla/5.0 (Linux; Android 6.0.1; Nexus 5X Build/MMB29P) AppleWebKit/537.36 (KHTML, like Gecko) Chrome/143.0.7499.192 Mobile Safari/537.36 (compatible; Googlebot/2.1; +http://www.google.com/bot.html)"
66.249.64.43 - - [17/Jan/2026:11:37:44 -0500] "GET /?d=1299350439 HTTP/1.1" 200 631 "-" "Mozilla/5.0 (Linux; Android 6.0.1; Nexus 5X Build/MMB29P) AppleWebKit/537.36 (KHTML, like Gecko) Chrome/143.0.7499.192 Mobile Safari/537.36 (compatible; Googlebot/2.1; +http://www.google.com/bot.html)"
164.138.205.23 - - [17/Jan/2026:11:37:47 -0500] "GET /voetbalwedden HTTP/1.1" 500 718 "https://missenterpriseafrica.com/" "Mozilla/5.0 (Windows NT 10.0; Win64; x64) AppleWebKit/537.36 (KHTML, like Gecko) Chrome/135.0.0.0 Safari/537.36"
66.249.64.43 - - [17/Jan/2026:11:38:01 -0500] "GET /?d=3949220702 HTTP/1.1" 200 631 "-" "Mozilla/5.0 (Linux; Android 6.0.1; Nexus 5X Build/MMB29P) AppleWebKit/537.36 (KHTML, like Gecko) Chrome/143.0.7499.192 Mobile Safari/537.36 (compatible; Googlebot/2.1; +http://www.google.com/bot.html)"
179.60.75.201 - - [17/Jan/2026:11:38:15 -0500] "GET /20-burning-hot-free-play-demo HTTP/1.1" 500 718 "https://missenterpriseafrica.com/" "Mozilla/5.0 (Windows NT 10.0; Win64; x64; rv:137.0) Gecko/20100101 Firefox/137.0"
66.249.64.43 - - [17/Jan/2026:11:38:33 -0500] "GET /?d=3609773737 HTTP/1.1" 200 631 "-" "Mozilla/5.0 (Linux; Android 6.0.1; Nexus 5X Build/MMB29P) AppleWebKit/537.36 (KHTML, like Gecko) Chrome/143.0.7499.192 Mobile Safari/537.36 (compatible; Googlebot/2.1; +http://www.google.com/bot.html)"
52.167.144.172 - - [17/Jan/2026:11:40:10 -0500] "GET /ctg/search/similarImageSearchResultView/?ctgItemCd=1330898 HTTP/1.1" 500 718 "-" "Mozilla/5.0 AppleWebKit/537.36 (KHTML, like Gecko; compatible; bingbot/2.0; +http://www.bing.com/bingbot.htm) Chrome/116.0.1938.76 Safari/537.36"
66.249.64.41 - - [17/Jan/2026:11:41:18 -0500] "GET /shopdetail/brand/m109371824 HTTP/1.1" 500 718 "-" "Mozilla/5.0 (Linux; Android 6.0.1; Nexus 5X Build/MMB29P) AppleWebKit/537.36 (KHTML, like Gecko) Chrome/143.0.7499.192 Mobile Safari/537.36 (compatible; Googlebot/2.1; +http://www.google.com/bot.html)"
66.249.64.42 - - [17/Jan/2026:11:41:58 -0500] "GET /shopdetail/sale/m109381155 HTTP/1.1" 500 718 "-" "Mozilla/5.0 (Linux; Android 6.0.1; Nexus 5X Build/MMB29P) AppleWebKit/537.36 (KHTML, like Gecko) Chrome/143.0.7499.192 Mobile Safari/537.36 (compatible; Googlebot/2.1; +http://www.google.com/bot.html)"
66.249.64.41 - - [17/Jan/2026:11:41:59 -0500] "GET /shopdetail/expensive/m109217631 HTTP/1.1" 500 718 "-" "Mozilla/5.0 (Linux; Android 6.0.1; Nexus 5X Build/MMB29P) AppleWebKit/537.36 (KHTML, like Gecko) Chrome/143.0.7499.192 Mobile Safari/537.36 (compatible; Googlebot/2.1; +http://www.google.com/bot.html)"
66.249.64.42 - - [17/Jan/2026:11:42:33 -0500] "GET /ctg/search/similarImageSearchResultView/?ctgItemCd=474614 HTTP/1.1" 500 718 "-" "Mozilla/5.0 (Linux; Android 6.0.1; Nexus 5X Build/MMB29P) AppleWebKit/537.36 (KHTML, like Gecko) Chrome/143.0.7499.192 Mobile Safari/537.36 (compatible; Googlebot/2.1; +http://www.google.com/bot.html)"
66.249.64.42 - - [17/Jan/2026:11:43:13 -0500] "GET /shopdetail/releases/m109448065 HTTP/1.1" 500 718 "-" "Mozilla/5.0 (Linux; Android 6.0.1; Nexus 5X Build/MMB29P) AppleWebKit/537.36 (KHTML, like Gecko) Chrome/143.0.7499.192 Mobile Safari/537.36 (compatible; Googlebot/2.1; +http://www.google.com/bot.html)"
66.249.64.42 - - [17/Jan/2026:11:43:42 -0500] "GET /?ctg/search/similarImageSearchResultView/?ctgItemCd=144067 HTTP/1.1" 200 631 "-" "Mozilla/5.0 (Linux; Android 6.0.1; Nexus 5X Build/MMB29P) AppleWebKit/537.36 (KHTML, like Gecko) Chrome/143.0.7499.192 Mobile Safari/537.36 (compatible; Googlebot/2.1; +http://www.google.com/bot.html)"
66.249.64.41 - - [17/Jan/2026:11:43:53 -0500] "GET /shopdetail/cheap/m109266498 HTTP/1.1" 500 718 "-" "Mozilla/5.0 (Linux; Android 6.0.1; Nexus 5X Build/MMB29P) AppleWebKit/537.36 (KHTML, like Gecko) Chrome/143.0.7499.192 Mobile Safari/537.36 (compatible; Googlebot/2.1; +http://www.google.com/bot.html)"
66.249.64.41 - - [17/Jan/2026:11:44:33 -0500] "GET /shopdetail/shopping/m109397377 HTTP/1.1" 500 718 "-" "Mozilla/5.0 (Linux; Android 6.0.1; Nexus 5X Build/MMB29P) AppleWebKit/537.36 (KHTML, like Gecko) Chrome/143.0.7499.192 Mobile Safari/537.36 (compatible; Googlebot/2.1; +http://www.google.com/bot.html)"
66.249.64.42 - - [17/Jan/2026:11:44:34 -0500] "GET /?d=4050509164 HTTP/1.1" 200 631 "-" "Mozilla/5.0 (Linux; Android 6.0.1; Nexus 5X Build/MMB29P) AppleWebKit/537.36 (KHTML, like Gecko) Chrome/143.0.7499.192 Mobile Safari/537.36 (compatible; Googlebot/2.1; +http://www.google.com/bot.html)"
66.249.64.43 - - [17/Jan/2026:11:45:13 -0500] "GET /ctg/search/similarImageSearchResultView/?ctgItemCd=2124039 HTTP/1.1" 500 718 "-" "Mozilla/5.0 (Linux; Android 6.0.1; Nexus 5X Build/MMB29P) AppleWebKit/537.36 (KHTML, like Gecko) Chrome/143.0.7499.192 Mobile Safari/537.36 (compatible; Googlebot/2.1; +http://www.google.com/bot.html)"
66.249.64.41 - - [17/Jan/2026:11:45:41 -0500] "GET /shopdetail/releases/m109235841 HTTP/1.1" 500 718 "-" "Mozilla/5.0 (Linux; Android 6.0.1; Nexus 5X Build/MMB29P) AppleWebKit/537.36 (KHTML, like Gecko) Chrome/143.0.7499.192 Mobile Safari/537.36 (compatible; Googlebot/2.1; +http://www.google.com/bot.html)"
66.249.64.41 - - [17/Jan/2026:11:45:53 -0500] "GET /ctg/search/similarImageSearchResultView/?ctgItemCd=97517 HTTP/1.1" 500 718 "-" "Mozilla/5.0 (Linux; Android 6.0.1; Nexus 5X Build/MMB29P) AppleWebKit/537.36 (KHTML, like Gecko) Chrome/143.0.7499.192 Mobile Safari/537.36 (compatible; Googlebot/2.1; +http://www.google.com/bot.html)"
52.167.144.166 - - [17/Jan/2026:11:46:41 -0500] "GET /ctg/search/similarImageSearchResultView/?ctgItemCd=955213 HTTP/1.1" 500 718 "-" "Mozilla/5.0 AppleWebKit/537.36 (KHTML, like Gecko; compatible; bingbot/2.0; +http://www.bing.com/bingbot.htm) Chrome/116.0.1938.76 Safari/537.36"
